CRAN Package Check Results for Package shinymaterial

Last updated on 2025-04-30 02:50:52 CEST.

Flavor Version Tinstall Tcheck Ttotal Status Flags
r-devel-linux-x86_64-debian-clang 1.2.0 3.15 27.07 30.22 OK
r-devel-linux-x86_64-debian-gcc 1.2.0 2.17 20.81 22.98 OK
r-devel-linux-x86_64-fedora-clang 1.2.0 47.87 OK
r-devel-linux-x86_64-fedora-gcc 1.2.0 43.77 OK
r-devel-windows-x86_64 1.2.0 5.00 60.00 65.00 OK
r-patched-linux-x86_64 1.2.0 3.25 25.51 28.76 OK
r-release-linux-x86_64 1.2.0 2.99 25.77 28.76 OK
r-release-macos-arm64 1.2.0 25.00 OK
r-release-macos-x86_64 1.2.0 35.00 OK
r-release-windows-x86_64 1.2.0 5.00 58.00 63.00 OK
r-oldrel-macos-arm64 1.2.0 20.00 NOTE
r-oldrel-macos-x86_64 1.2.0 30.00 NOTE
r-oldrel-windows-x86_64 1.2.0 5.00 58.00 63.00 NOTE

Check Details

Version: 1.2.0
Check: LazyData
Result: NOTE 'LazyData' is specified without a 'data' directory Flavors: r-oldrel-macos-arm64, r-oldrel-macos-x86_64, r-oldrel-windows-x86_64