Last updated on 2025-10-22 01:51:38 CEST.
Flavor | Version | Tinstall | Tcheck | Ttotal | Status | Flags |
---|---|---|---|---|---|---|
r-devel-linux-x86_64-debian-clang | 0.4.3 | 4.71 | 129.85 | 134.56 | NOTE | |
r-devel-linux-x86_64-debian-gcc | 0.4.3 | 3.61 | 90.60 | 94.21 | NOTE | |
r-devel-linux-x86_64-fedora-clang | 0.4.3 | 13.00 | 191.10 | 204.10 | OK | |
r-devel-linux-x86_64-fedora-gcc | 0.4.3 | 16.00 | 194.23 | 210.23 | OK | |
r-devel-windows-x86_64 | 0.4.3 | 9.00 | 220.00 | 229.00 | OK | |
r-patched-linux-x86_64 | 0.4.3 | 5.90 | 125.80 | 131.70 | OK | |
r-release-linux-x86_64 | 0.4.3 | 5.34 | 124.18 | 129.52 | OK | |
r-release-macos-arm64 | 0.4.3 | 3.00 | 155.00 | 158.00 | OK | |
r-release-macos-x86_64 | 0.4.3 | 5.00 | 244.00 | 249.00 | OK | |
r-release-windows-x86_64 | 0.4.3 | 12.00 | 144.00 | 156.00 | OK | |
r-oldrel-macos-arm64 | 0.4.3 | 2.00 | 176.00 | 178.00 | OK | |
r-oldrel-macos-x86_64 | 0.4.3 | 5.00 | 237.00 | 242.00 | OK | |
r-oldrel-windows-x86_64 | 0.4.3 | 10.00 | 185.00 | 195.00 | OK |
Version: 0.4.3
Check: HTML version of manual
Result: NOTE
Found the following HTML validation problems:
reset_data.html:46:1 (reset_data.Rd:10): Warning: missing </ul> before </div>
Flavors: r-devel-linux-x86_64-debian-clang, r-devel-linux-x86_64-debian-gcc