Last updated on 2025-04-30 01:50:37 CEST.
Flavor | Version | Tinstall | Tcheck | Ttotal | Status | Flags |
---|---|---|---|---|---|---|
r-devel-linux-x86_64-debian-clang | 0.1.0 | 8.41 | 54.84 | 63.25 | NOTE | |
r-devel-linux-x86_64-debian-gcc | 0.1.0 | 5.26 | 38.58 | 43.84 | NOTE | |
r-devel-linux-x86_64-fedora-clang | 0.1.0 | 100.37 | NOTE | |||
r-devel-linux-x86_64-fedora-gcc | 0.1.0 | 103.66 | NOTE | |||
r-devel-windows-x86_64 | 0.1.0 | 13.00 | 77.00 | 90.00 | NOTE | |
r-patched-linux-x86_64 | 0.1.0 | 7.13 | 49.71 | 56.84 | NOTE | |
r-release-linux-x86_64 | 0.1.0 | 7.44 | 49.99 | 57.43 | NOTE | |
r-release-macos-arm64 | 0.1.0 | 38.00 | NOTE | |||
r-release-macos-x86_64 | 0.1.0 | 73.00 | NOTE | |||
r-release-windows-x86_64 | 0.1.0 | 13.00 | 73.00 | 86.00 | NOTE | |
r-oldrel-macos-arm64 | 0.1.0 | 38.00 | NOTE | |||
r-oldrel-macos-x86_64 | 0.1.0 | 58.00 | NOTE | |||
r-oldrel-windows-x86_64 | 0.1.0 | 16.00 | 85.00 | 101.00 | NOTE |
Version: 0.1.0
Check: C++ specification
Result: NOTE
Specified C++11: please drop specification unless essential
Flavors: r-devel-linux-x86_64-debian-clang, r-devel-linux-x86_64-debian-gcc, r-devel-linux-x86_64-fedora-clang, r-devel-linux-x86_64-fedora-gcc, r-devel-windows-x86_64, r-patched-linux-x86_64, r-release-linux-x86_64, r-release-macos-arm64, r-release-macos-x86_64, r-release-windows-x86_64, r-oldrel-macos-arm64, r-oldrel-macos-x86_64, r-oldrel-windows-x86_64