Last updated on 2025-04-30 01:50:37 CEST.
Flavor | Version | Tinstall | Tcheck | Ttotal | Status | Flags |
---|---|---|---|---|---|---|
r-devel-linux-x86_64-debian-clang | 1.8-1 | 6.52 | 40.04 | 46.56 | OK | |
r-devel-linux-x86_64-debian-gcc | 1.8-1 | 4.34 | 28.95 | 33.29 | OK | |
r-devel-linux-x86_64-fedora-clang | 1.8-1 | 71.75 | NOTE | |||
r-devel-linux-x86_64-fedora-gcc | 1.8-1 | 68.23 | NOTE | |||
r-devel-windows-x86_64 | 1.8-1 | 9.00 | 83.00 | 92.00 | OK | |
r-patched-linux-x86_64 | 1.8-1 | 6.86 | 38.06 | 44.92 | OK | |
r-release-linux-x86_64 | 1.8-1 | 5.73 | 38.67 | 44.40 | OK | |
r-release-macos-arm64 | 1.8-1 | 32.00 | OK | |||
r-release-macos-x86_64 | 1.8-1 | 49.00 | OK | |||
r-release-windows-x86_64 | 1.8-1 | 13.00 | 79.00 | 92.00 | OK | |
r-oldrel-macos-arm64 | 1.8-1 | 32.00 | OK | |||
r-oldrel-macos-x86_64 | 1.8-1 | 96.00 | OK | |||
r-oldrel-windows-x86_64 | 1.8-1 | 12.00 | 80.00 | 92.00 | OK |
Version: 1.8-1
Check: compiled code
Result: NOTE
File ‘signal/libs/signal.so’:
Found no calls to: ‘R_registerRoutines’, ‘R_useDynamicSymbols’
It is good practice to register native routines and to disable symbol
search.
See ‘Writing portable packages’ in the ‘Writing R Extensions’ manual.
Flavors: r-devel-linux-x86_64-fedora-clang, r-devel-linux-x86_64-fedora-gcc