CRAN Package Check Results for Package signalHsmm

Last updated on 2025-04-15 01:50:46 CEST.

Flavor Version Tinstall Tcheck Ttotal Status Flags
r-devel-linux-x86_64-debian-clang 1.5 12.66 34.45 47.11 NOTE
r-devel-linux-x86_64-debian-gcc 1.5 9.08 26.43 35.51 NOTE
r-devel-linux-x86_64-fedora-clang 1.5 80.58 NOTE
r-devel-linux-x86_64-fedora-gcc 1.5 76.10 NOTE
r-devel-windows-x86_64 1.5 19.00 71.00 90.00 NOTE
r-patched-linux-x86_64 1.5 12.88 33.74 46.62 NOTE
r-release-linux-x86_64 1.5 12.18 33.77 45.95 NOTE
r-release-macos-arm64 1.5 34.00 NOTE
r-release-macos-x86_64 1.5 54.00 NOTE
r-release-windows-x86_64 1.5 18.00 71.00 89.00 NOTE
r-oldrel-macos-arm64 1.5 26.00 NOTE
r-oldrel-macos-x86_64 1.5 39.00 NOTE
r-oldrel-windows-x86_64 1.5 21.00 82.00 103.00 NOTE

Check Details

Version: 1.5
Check: Rd files
Result: NOTE checkRd: (-1) add_k_mer_state.Rd:33: Lost braces in \itemize; \value handles \item{}{} directly checkRd: (-1) add_k_mer_state.Rd:34: Lost braces in \itemize; \value handles \item{}{} directly checkRd: (-1) add_k_mer_state.Rd:35: Lost braces in \itemize; \value handles \item{}{} directly checkRd: (-1) add_k_mer_state.Rd:36: Lost braces in \itemize; \value handles \item{}{} directly checkRd: (-1) duration_viterbi.Rd:23: Lost braces in \itemize; \value handles \item{}{} directly checkRd: (-1) duration_viterbi.Rd:24: Lost braces in \itemize; \value handles \item{}{} directly checkRd: (-1) duration_viterbi.Rd:25: Lost braces in \itemize; \value handles \item{}{} directly checkRd: (-1) duration_viterbi.Rd:26: Lost braces in \itemize; \value handles \item{}{} directly Flavors: r-devel-linux-x86_64-debian-clang, r-devel-linux-x86_64-debian-gcc, r-devel-linux-x86_64-fedora-clang, r-devel-linux-x86_64-fedora-gcc, r-devel-windows-x86_64, r-patched-linux-x86_64, r-release-linux-x86_64, r-release-macos-arm64, r-release-macos-x86_64, r-release-windows-x86_64, r-oldrel-macos-arm64, r-oldrel-macos-x86_64, r-oldrel-windows-x86_64