Last updated on 2025-11-12 02:53:12 CET.
| Flavor | Version | Tinstall | Tcheck | Ttotal | Status | Flags |
|---|---|---|---|---|---|---|
| r-devel-linux-x86_64-debian-clang | 1.0.0 | 15.00 | 146.98 | 161.98 | NOTE | |
| r-devel-linux-x86_64-debian-gcc | 1.0.0 | 8.86 | 96.27 | 105.13 | NOTE | |
| r-devel-linux-x86_64-fedora-clang | 1.0.0 | 32.00 | 216.81 | 248.81 | OK | |
| r-devel-linux-x86_64-fedora-gcc | 1.0.0 | 63.00 | 187.57 | 250.57 | OK | |
| r-devel-windows-x86_64 | 1.0.0 | 17.00 | 149.00 | 166.00 | NOTE | |
| r-patched-linux-x86_64 | 1.0.0 | 17.25 | 136.89 | 154.14 | NOTE | |
| r-release-linux-x86_64 | 1.0.0 | 15.56 | 135.96 | 151.52 | NOTE | |
| r-release-macos-arm64 | 1.0.0 | 6.00 | 49.00 | 55.00 | OK | |
| r-release-macos-x86_64 | 1.0.0 | 11.00 | 95.00 | 106.00 | OK | |
| r-release-windows-x86_64 | 1.0.0 | 18.00 | 147.00 | 165.00 | NOTE | |
| r-oldrel-macos-arm64 | 1.0.0 | 6.00 | 49.00 | 55.00 | OK | |
| r-oldrel-macos-x86_64 | 1.0.0 | 9.00 | 75.00 | 84.00 | OK | |
| r-oldrel-windows-x86_64 | 1.0.0 | 23.00 | 192.00 | 215.00 | OK |
Version: 1.0.0
Check: Rd cross-references
Result: NOTE
Found the following Rd file(s) with Rd \link{} targets missing package
anchors:
survivalForest.Rd: forestplot
Please provide package anchors for all Rd \link{} targets not in the
package itself and the base packages.
Flavors: r-devel-linux-x86_64-debian-clang, r-devel-linux-x86_64-debian-gcc, r-devel-windows-x86_64, r-patched-linux-x86_64, r-release-linux-x86_64, r-release-windows-x86_64