CRAN Package Check Results for Package silp

Last updated on 2025-05-01 01:49:47 CEST.

Flavor Version Tinstall Tcheck Ttotal Status Flags
r-devel-linux-x86_64-debian-clang 1.0.3 4.39 38.69 43.08 NOTE
r-devel-linux-x86_64-debian-gcc 1.0.3 3.18 29.25 32.43 OK
r-devel-linux-x86_64-fedora-clang 1.0.3 66.01 OK
r-devel-linux-x86_64-fedora-gcc 1.0.3 65.01 OK
r-devel-windows-x86_64 1.0.3 6.00 57.00 63.00 OK
r-patched-linux-x86_64 1.0.3 3.32 35.95 39.27 OK
r-release-linux-x86_64 1.0.3 3.95 36.81 40.76 OK
r-release-macos-arm64 1.0.3 24.00 OK
r-release-macos-x86_64 1.0.3 51.00 OK
r-release-windows-x86_64 1.0.3 6.00 62.00 68.00 OK
r-oldrel-macos-arm64 1.0.3 28.00 OK
r-oldrel-macos-x86_64 1.0.3 79.00 OK
r-oldrel-windows-x86_64 1.0.3 6.00 64.00 70.00 OK

Check Details

Version: 1.0.3
Check: examples
Result: NOTE Examples with CPU (user + system) or elapsed time > 5s user system elapsed resilp 3.878 0.175 5.211 Flavor: r-devel-linux-x86_64-debian-clang