Last updated on 2025-05-09 01:50:19 CEST.
Flavor | Version | Tinstall | Tcheck | Ttotal | Status | Flags |
---|---|---|---|---|---|---|
r-devel-linux-x86_64-debian-clang | 0.4.2 | 22.57 | 322.34 | 344.91 | OK | |
r-devel-linux-x86_64-debian-gcc | 0.4.2 | 15.32 | 234.32 | 249.64 | OK | |
r-devel-linux-x86_64-fedora-clang | 0.4.2 | 489.08 | NOTE | |||
r-devel-linux-x86_64-fedora-gcc | 0.4.2 | 487.05 | NOTE | |||
r-devel-windows-x86_64 | 0.4.2 | 30.00 | 311.00 | 341.00 | OK | |
r-patched-linux-x86_64 | 0.4.2 | 21.47 | 292.95 | 314.42 | OK | |
r-release-linux-x86_64 | 0.4.2 | 21.01 | 289.13 | 310.14 | OK | |
r-release-macos-arm64 | 0.4.2 | 166.00 | OK | |||
r-release-macos-x86_64 | 0.4.2 | 269.00 | OK | |||
r-release-windows-x86_64 | 0.4.2 | 26.00 | 323.00 | 349.00 | OK | |
r-oldrel-macos-arm64 | 0.4.2 | 152.00 | OK | |||
r-oldrel-macos-x86_64 | 0.4.2 | 185.00 | OK | |||
r-oldrel-windows-x86_64 | 0.4.2 | 34.00 | 394.00 | 428.00 | OK |
Version: 0.4.2
Check: dependencies in R code
Result: NOTE
Namespace in Imports field not imported from: ‘gsDesign2’
All declared Imports should be used.
Flavors: r-devel-linux-x86_64-fedora-clang, r-devel-linux-x86_64-fedora-gcc