Last updated on 2025-10-31 01:49:13 CET.
| Flavor | Version | Tinstall | Tcheck | Ttotal | Status | Flags | 
|---|---|---|---|---|---|---|
| r-devel-linux-x86_64-debian-clang | 0.0.1 | 1.56 | 67.77 | 69.33 | NOTE | |
| r-devel-linux-x86_64-debian-gcc | 0.0.1 | 1.86 | 47.43 | 49.29 | NOTE | |
| r-devel-linux-x86_64-fedora-clang | 0.0.1 | 108.06 | NOTE | |||
| r-devel-linux-x86_64-fedora-gcc | 0.0.1 | 117.66 | NOTE | |||
| r-devel-windows-x86_64 | 0.0.1 | 4.00 | 83.00 | 87.00 | NOTE | |
| r-patched-linux-x86_64 | 0.0.1 | 2.89 | 63.09 | 65.98 | NOTE | |
| r-release-linux-x86_64 | 0.0.1 | 2.45 | 63.84 | 66.29 | NOTE | |
| r-release-macos-arm64 | 0.0.1 | 1.00 | 40.00 | 41.00 | NOTE | |
| r-release-macos-x86_64 | 0.0.1 | 2.00 | 218.00 | 220.00 | NOTE | |
| r-release-windows-x86_64 | 0.0.1 | 6.00 | 83.00 | 89.00 | NOTE | |
| r-oldrel-macos-arm64 | 0.0.1 | 1.00 | 34.00 | 35.00 | NOTE | |
| r-oldrel-macos-x86_64 | 0.0.1 | 2.00 | 66.00 | 68.00 | NOTE | |
| r-oldrel-windows-x86_64 | 0.0.1 | 5.00 | 98.00 | 103.00 | NOTE | 
Version: 0.0.1
Check: Rd files
Result: NOTE
  checkRd: (-1) rawCCD.Rd:20: Lost braces; missing escapes or markup?
      20 |   \item{distr.type}{school district type (constructed for illustration purposes; (values={"A", "B", "C", "D"})).}
         |                                                                                          ^
  checkRd: (-1) selectMatch.Rd:61: Lost braces; missing escapes or markup?
      61 | \item{replacementUnitsFilename}{character; csv filename for saving {unit:replacement} directory when writeOut == TRUE; default = "replacementUnits.csv"}
         |                                                                    ^
  checkRd: (-1) selectMatch.Rd:63: Lost braces; missing escapes or markup?
      63 | \item{subUnitTableFilename}{character; csv filename for saving {unit:replacement} directory when writeOut == TRUE; default = "subUnitTable.csv"}
         |                                                                ^
  checkRd: (-1) selectMatch.Rd:66: Lost braces; missing escapes or markup?
      66 | list with: 1) table of the form: {selected unit i: (unit i replacements)}, 2) table of the form: {potential unit i:(unit i sub-units)}, 3) balance diagnostics.
         |                                  ^
  checkRd: (-1) selectMatch.Rd:66: Lost braces; missing escapes or markup?
      66 | list with: 1) table of the form: {selected unit i: (unit i replacements)}, 2) table of the form: {potential unit i:(unit i sub-units)}, 3) balance diagnostics.
         |                                                                                                  ^
Flavors: r-devel-linux-x86_64-debian-clang, r-devel-linux-x86_64-debian-gcc, r-devel-linux-x86_64-fedora-clang, r-devel-linux-x86_64-fedora-gcc, r-devel-windows-x86_64, r-patched-linux-x86_64, r-release-linux-x86_64, r-release-macos-arm64, r-release-macos-x86_64, r-release-windows-x86_64, r-oldrel-macos-arm64, r-oldrel-macos-x86_64, r-oldrel-windows-x86_64
Version: 0.0.1
Check: dependencies in R code
Result: NOTE
  Namespace in Imports field not imported from: ‘data.table’
    All declared Imports should be used.
Flavors: r-devel-linux-x86_64-fedora-clang, r-devel-linux-x86_64-fedora-gcc