Last updated on 2024-05-21 02:02:21 CEST.
Flavor | Version | Tinstall | Tcheck | Ttotal | Status | Flags |
---|---|---|---|---|---|---|
r-devel-linux-x86_64-debian-clang | 0.1.1 | 1.78 | 81.55 | 83.33 | OK | |
r-devel-linux-x86_64-debian-gcc | 0.1.1 | 1.82 | 63.95 | 65.77 | OK | |
r-devel-linux-x86_64-fedora-clang | 0.1.1 | 109.60 | NOTE | |||
r-devel-linux-x86_64-fedora-gcc | 0.1.1 | 131.37 | NOTE | |||
r-devel-windows-x86_64 | 0.1.1 | 3.00 | 85.00 | 88.00 | OK | |
r-patched-linux-x86_64 | 0.1.1 | 2.09 | 81.47 | 83.56 | OK | |
r-release-linux-x86_64 | 0.1.1 | 2.03 | 80.89 | 82.92 | OK | |
r-release-macos-arm64 | 0.1.1 | 52.00 | OK | |||
r-release-windows-x86_64 | 0.1.1 | 3.00 | 85.00 | 88.00 | OK | |
r-oldrel-macos-arm64 | 0.1.1 | 54.00 | OK | |||
r-oldrel-macos-x86_64 | 0.1.1 | 67.00 | OK | |||
r-oldrel-windows-x86_64 | 0.1.1 | 3.00 | 88.00 | 91.00 | OK |
Version: 0.1.1
Check: data for non-ASCII characters
Result: NOTE
Note: found 2 marked Latin-1 strings
Flavors: r-devel-linux-x86_64-fedora-clang, r-devel-linux-x86_64-fedora-gcc