Last updated on 2025-05-09 01:50:19 CEST.
Flavor | Version | Tinstall | Tcheck | Ttotal | Status | Flags |
---|---|---|---|---|---|---|
r-devel-linux-x86_64-debian-clang | 1.0 | 11.99 | 26.64 | 38.63 | NOTE | |
r-devel-linux-x86_64-debian-gcc | 1.0 | 8.67 | 20.22 | 28.89 | NOTE | |
r-devel-linux-x86_64-fedora-clang | 1.0 | 63.42 | OK | |||
r-devel-linux-x86_64-fedora-gcc | 1.0 | 62.32 | OK | |||
r-devel-windows-x86_64 | 1.0 | 15.00 | 61.00 | 76.00 | OK | |
r-patched-linux-x86_64 | 1.0 | 12.01 | 25.24 | 37.25 | OK | |
r-release-linux-x86_64 | 1.0 | 12.07 | 25.15 | 37.22 | OK | |
r-release-macos-arm64 | 1.0 | 22.00 | OK | |||
r-release-macos-x86_64 | 1.0 | 37.00 | OK | |||
r-release-windows-x86_64 | 1.0 | 15.00 | 66.00 | 81.00 | OK | |
r-oldrel-macos-arm64 | 1.0 | 22.00 | OK | |||
r-oldrel-macos-x86_64 | 1.0 | 32.00 | OK | |||
r-oldrel-windows-x86_64 | 1.0 | 14.00 | 72.00 | 86.00 | OK |
Version: 1.0
Check: CRAN incoming feasibility
Result: NOTE
Maintainer: ‘Tom Pike <tpike@lincoln.ac.uk>’
No Authors@R field in DESCRIPTION.
Please add one, modifying
Authors@R: person(given = "Tom",
family = "Pike",
role = c("aut", "cre"),
email = "tpike@lincoln.ac.uk")
as necessary.
Flavors: r-devel-linux-x86_64-debian-clang, r-devel-linux-x86_64-debian-gcc