Last updated on 2025-02-06 01:49:24 CET.
Flavor | Version | Tinstall | Tcheck | Ttotal | Status | Flags |
---|---|---|---|---|---|---|
r-devel-linux-x86_64-debian-clang | 0.3.0 | 67.87 | 413.16 | 481.03 | OK | |
r-devel-linux-x86_64-debian-gcc | 0.3.0 | 44.14 | 278.98 | 323.12 | OK | |
r-devel-linux-x86_64-fedora-clang | 0.3.0 | 799.30 | OK | |||
r-devel-linux-x86_64-fedora-gcc | 0.3.0 | 603.42 | OK | |||
r-devel-windows-x86_64 | 0.3.0 | 51.00 | 328.00 | 379.00 | OK | |
r-patched-linux-x86_64 | 0.3.0 | 61.18 | 386.58 | 447.76 | OK | |
r-release-linux-x86_64 | 0.3.0 | 59.43 | 384.85 | 444.28 | OK | |
r-release-macos-arm64 | 0.3.0 | 249.00 | OK | |||
r-release-macos-x86_64 | 0.3.0 | 405.00 | OK | |||
r-release-windows-x86_64 | 0.3.0 | 49.00 | 326.00 | 375.00 | OK | |
r-oldrel-macos-arm64 | 0.3.0 | 165.00 | OK | |||
r-oldrel-macos-x86_64 | 0.3.0 | 26.00 | ERROR | |||
r-oldrel-windows-x86_64 | 0.3.0 | 68.00 | 460.00 | 528.00 | OK |
Version: 0.3.0
Check: whether package can be installed
Result: ERROR
Installation failed.
Flavor: r-oldrel-macos-x86_64