Last updated on 2025-10-31 01:49:14 CET.
| Flavor | Version | Tinstall | Tcheck | Ttotal | Status | Flags | 
|---|---|---|---|---|---|---|
| r-devel-linux-x86_64-debian-clang | 0.0.9.2 | 6.78 | 53.31 | 60.09 | NOTE | |
| r-devel-linux-x86_64-debian-gcc | 0.0.9.2 | 4.73 | 38.74 | 43.47 | NOTE | |
| r-devel-linux-x86_64-fedora-clang | 0.0.9.2 | 16.00 | 80.17 | 96.17 | NOTE | |
| r-devel-linux-x86_64-fedora-gcc | 0.0.9.2 | 14.00 | 89.74 | 103.74 | NOTE | |
| r-devel-windows-x86_64 | 0.0.9.2 | 9.00 | 68.00 | 77.00 | OK | |
| r-patched-linux-x86_64 | 0.0.9.2 | 7.36 | 50.91 | 58.27 | OK | |
| r-release-linux-x86_64 | 0.0.9.2 | 6.61 | 50.17 | 56.78 | OK | |
| r-release-macos-arm64 | 0.0.9.2 | 3.00 | 32.00 | 35.00 | OK | |
| r-release-macos-x86_64 | 0.0.9.2 | 5.00 | 57.00 | 62.00 | OK | |
| r-release-windows-x86_64 | 0.0.9.2 | 9.00 | 70.00 | 79.00 | OK | |
| r-oldrel-macos-arm64 | 0.0.9.2 | 3.00 | 31.00 | 34.00 | OK | |
| r-oldrel-macos-x86_64 | 0.0.9.2 | 5.00 | 46.00 | 51.00 | OK | |
| r-oldrel-windows-x86_64 | 0.0.9.2 | 11.00 | 79.00 | 90.00 | OK | 
Version: 0.0.9.2
Check: CRAN incoming feasibility
Result: NOTE
  Maintainer: ‘Bruno Silva <bmsasilva@gmail.com>’
  
  No Authors@R field in DESCRIPTION.
  Please add one, modifying
    Authors@R: person(given = "Bruno",
                      family = "Silva",
                      role = c("aut", "cre"),
                      email = "bmsasilva@gmail.com")
  as necessary.
Flavors: r-devel-linux-x86_64-debian-clang, r-devel-linux-x86_64-debian-gcc
Version: 0.0.9.2
Check: dependencies in R code
Result: NOTE
  Namespaces in Imports field not imported from:
    ‘RSQLite’ ‘dbplyr’
    All declared Imports should be used.
Flavors: r-devel-linux-x86_64-fedora-clang, r-devel-linux-x86_64-fedora-gcc