CRAN Package Check Results for Package spaMM

Last updated on 2025-05-01 01:49:47 CEST.

Flavor Version Tinstall Tcheck Ttotal Status Flags
r-devel-linux-x86_64-debian-clang 4.5.0 167.58 330.38 497.96 NOTE
r-devel-linux-x86_64-debian-gcc 4.5.0 122.41 214.46 336.87 NOTE
r-devel-linux-x86_64-fedora-clang 4.5.0 835.21 NOTE
r-devel-linux-x86_64-fedora-gcc 4.5.0 841.47 NOTE
r-devel-windows-x86_64 4.5.0 172.00 316.00 488.00 NOTE
r-patched-linux-x86_64 4.5.0 183.18 324.53 507.71 NOTE
r-release-linux-x86_64 4.5.0 176.25 322.86 499.11 NOTE
r-release-macos-arm64 4.5.0 207.00 NOTE
r-release-macos-x86_64 4.5.0 428.00 NOTE
r-release-windows-x86_64 4.5.0 172.00 319.00 491.00 NOTE
r-oldrel-macos-arm64 4.5.0 187.00 NOTE
r-oldrel-macos-x86_64 4.5.0 468.00 NOTE
r-oldrel-windows-x86_64 4.5.0 204.00 425.00 629.00 NOTE

Check Details

Version: 4.5.0
Check: Rd cross-references
Result: NOTE Found the following Rd file(s) with Rd \link{} targets missing package anchors: corMatern.Rd: glmmPQL, lme spaMM_boot.Rd: boot Please provide package anchors for all Rd \link{} targets not in the package itself and the base packages. Flavors: r-devel-linux-x86_64-debian-clang, r-devel-linux-x86_64-debian-gcc, r-devel-windows-x86_64, r-patched-linux-x86_64, r-release-linux-x86_64, r-release-windows-x86_64

Version: 4.5.0
Check: compiled code
Result: NOTE File ‘spaMM/libs/spaMM.so’: Found non-API call to R: ‘PRVALUE’ Compiled code should not call non-API entry points in R. See ‘Writing portable packages’ in the ‘Writing R Extensions’ manual, and section ‘Moving into C API compliance’ for issues with the use of non-API entry points. Flavors: r-devel-linux-x86_64-debian-clang, r-devel-linux-x86_64-debian-gcc, r-devel-linux-x86_64-fedora-clang, r-devel-linux-x86_64-fedora-gcc, r-patched-linux-x86_64, r-release-linux-x86_64, r-release-macos-arm64, r-release-macos-x86_64

Version: 4.5.0
Check: examples
Result: NOTE Examples with CPU (user + system) or elapsed time > 5s user system elapsed register_cF 6.171 0.006 8.587 fitmv 5.835 0.011 7.011 Flavor: r-devel-linux-x86_64-debian-clang

Version: 4.5.0
Check: examples
Result: NA user system elapsed register_cF 4.138 0.028 6.428 fitmv 4.028 0.020 5.715 OK Flavor: r-devel-linux-x86_64-debian-gcc

Version: 4.5.0
Check: compiled code
Result: NOTE File 'spaMM/libs/x64/spaMM.dll': Found non-API call to R: 'PRVALUE' Compiled code should not call non-API entry points in R. See 'Writing portable packages' in the 'Writing R Extensions' manual, and section 'Moving into C API compliance' for issues with the use of non-API entry points. Flavors: r-devel-windows-x86_64, r-release-windows-x86_64

Version: 4.5.0
Check: installed package size
Result: NOTE installed size is 39.1Mb sub-directories of 1Mb or more: R 3.1Mb libs 34.7Mb Flavors: r-oldrel-macos-arm64, r-oldrel-macos-x86_64, r-oldrel-windows-x86_64