CRAN Package Check Results for Package sparkhail

Last updated on 2025-04-30 02:50:52 CEST.

Flavor Version Tinstall Tcheck Ttotal Status Flags
r-devel-linux-x86_64-debian-clang 0.1.1 6.18 56.57 62.75 OK
r-devel-linux-x86_64-debian-gcc 0.1.1 3.68 38.83 42.51 OK
r-devel-linux-x86_64-fedora-clang 0.1.1 94.05 OK
r-devel-linux-x86_64-fedora-gcc 0.1.1 87.88 OK
r-devel-windows-x86_64 0.1.1 8.00 71.00 79.00 OK
r-patched-linux-x86_64 0.1.1 6.54 50.41 56.95 OK
r-release-linux-x86_64 0.1.1 6.45 49.95 56.40 OK
r-release-macos-arm64 0.1.1 30.00 OK
r-release-macos-x86_64 0.1.1 58.00 OK
r-release-windows-x86_64 0.1.1 7.00 71.00 78.00 OK
r-oldrel-macos-arm64 0.1.1 28.00 NOTE
r-oldrel-macos-x86_64 0.1.1 43.00 NOTE
r-oldrel-windows-x86_64 0.1.1 9.00 80.00 89.00 NOTE

Check Details

Version: 0.1.1
Check: LazyData
Result: NOTE 'LazyData' is specified without a 'data' directory Flavors: r-oldrel-macos-arm64, r-oldrel-macos-x86_64, r-oldrel-windows-x86_64