Last updated on 2024-05-21 02:02:22 CEST.
Flavor | Version | Tinstall | Tcheck | Ttotal | Status | Flags |
---|---|---|---|---|---|---|
r-devel-linux-x86_64-debian-clang | 0.8.4 | 100.76 | 38.37 | 139.13 | NOTE | |
r-devel-linux-x86_64-debian-gcc | 0.8.4 | 82.44 | 28.80 | 111.24 | NOTE | |
r-devel-linux-x86_64-fedora-clang | 0.8.4 | 222.82 | NOTE | |||
r-devel-linux-x86_64-fedora-gcc | 0.8.4 | 236.59 | NOTE | |||
r-devel-windows-x86_64 | 0.8.4 | 83.00 | 73.00 | 156.00 | NOTE | |
r-patched-linux-x86_64 | 0.8.4 | 102.63 | 37.09 | 139.72 | NOTE | |
r-release-linux-x86_64 | 0.8.4 | 113.29 | 36.67 | 149.96 | NOTE | |
r-release-macos-arm64 | 0.8.4 | 47.00 | NOTE | |||
r-release-windows-x86_64 | 0.8.4 | 83.00 | 73.00 | 156.00 | NOTE | |
r-oldrel-macos-arm64 | 0.8.4 | 55.00 | NOTE | |||
r-oldrel-macos-x86_64 | 0.8.4 | 91.00 | NOTE | |||
r-oldrel-windows-x86_64 | 0.8.4 | 103.00 | 79.00 | 182.00 | NOTE |
Version: 0.8.4
Check: C++ specification
Result: NOTE
Specified C++11: please drop specification unless essential
Flavors: r-devel-linux-x86_64-debian-clang, r-devel-linux-x86_64-debian-gcc, r-devel-linux-x86_64-fedora-clang, r-devel-linux-x86_64-fedora-gcc, r-devel-windows-x86_64, r-patched-linux-x86_64, r-release-linux-x86_64, r-release-macos-arm64, r-release-windows-x86_64, r-oldrel-macos-arm64, r-oldrel-macos-x86_64, r-oldrel-windows-x86_64