Last updated on 2025-05-05 01:51:04 CEST.
Flavor | Version | Tinstall | Tcheck | Ttotal | Status | Flags |
---|---|---|---|---|---|---|
r-devel-linux-x86_64-debian-clang | 1.2.0 | 228.71 | 51.87 | 280.58 | OK | |
r-devel-linux-x86_64-debian-gcc | 1.2.0 | 188.70 | 37.49 | 226.19 | OK | |
r-devel-linux-x86_64-fedora-clang | 1.2.0 | 489.45 | NOTE | |||
r-devel-linux-x86_64-fedora-gcc | 1.2.0 | 678.33 | NOTE | |||
r-devel-windows-x86_64 | 1.2.0 | 211.00 | 101.00 | 312.00 | OK | |
r-patched-linux-x86_64 | 1.2.0 | 260.42 | 48.68 | 309.10 | OK | |
r-release-linux-x86_64 | 1.2.0 | 260.17 | 48.95 | 309.12 | OK | |
r-release-macos-arm64 | 1.2.0 | 42.00 | ERROR | |||
r-release-macos-x86_64 | 1.2.0 | 30.00 | ERROR | |||
r-release-windows-x86_64 | 1.2.0 | 225.00 | 102.00 | 327.00 | OK | |
r-oldrel-macos-arm64 | 1.2.0 | 45.00 | ERROR | |||
r-oldrel-macos-x86_64 | 1.2.0 | 31.00 | ERROR | |||
r-oldrel-windows-x86_64 | 1.2.0 | 195.00 | 125.00 | 320.00 | OK |
Version: 1.2.0
Check: dependencies in R code
Result: NOTE
Namespaces in Imports field not imported from:
‘Rcpp’ ‘base’ ‘utils’
All declared Imports should be used.
Flavors: r-devel-linux-x86_64-fedora-clang, r-devel-linux-x86_64-fedora-gcc
Version: 1.2.0
Check: whether package can be installed
Result: ERROR
Installation failed.
Flavors: r-release-macos-arm64, r-release-macos-x86_64, r-oldrel-macos-arm64, r-oldrel-macos-x86_64