Last updated on 2025-05-06 02:50:33 CEST.
Flavor | Version | Tinstall | Tcheck | Ttotal | Status | Flags |
---|---|---|---|---|---|---|
r-devel-linux-x86_64-debian-clang | 0.7.1 | 47.63 | 328.69 | 376.32 | NOTE | |
r-devel-linux-x86_64-debian-gcc | 0.7.1 | 33.81 | 218.35 | 252.16 | NOTE | |
r-devel-linux-x86_64-fedora-clang | 0.7.1 | 639.16 | NOTE | |||
r-devel-linux-x86_64-fedora-gcc | 0.7.1 | 593.59 | NOTE | |||
r-devel-windows-x86_64 | 0.7.1 | 52.00 | 282.00 | 334.00 | NOTE | |
r-patched-linux-x86_64 | 0.7.1 | 45.94 | 311.54 | 357.48 | NOTE | |
r-release-linux-x86_64 | 0.7.1 | 49.66 | 309.00 | 358.66 | NOTE | |
r-release-macos-arm64 | 0.7.1 | 143.00 | NOTE | |||
r-release-macos-x86_64 | 0.7.1 | 273.00 | NOTE | |||
r-release-windows-x86_64 | 0.7.1 | 53.00 | 283.00 | 336.00 | NOTE | |
r-oldrel-macos-arm64 | 0.7.1 | 149.00 | NOTE | |||
r-oldrel-macos-x86_64 | 0.7.1 | 218.00 | NOTE | |||
r-oldrel-windows-x86_64 | 0.7.1 | 68.00 | 390.00 | 458.00 | NOTE |
Version: 0.7.1
Check: DESCRIPTION meta-information
Result: NOTE
Missing dependency on R >= 4.1.0 because package code uses the pipe
|> or function shorthand \(...) syntax added in R 4.1.0.
File(s) using such syntax:
‘highest_concentration.R’ ‘plot_points.R’
Flavors: r-devel-linux-x86_64-debian-clang, r-devel-linux-x86_64-debian-gcc, r-devel-linux-x86_64-fedora-clang, r-devel-linux-x86_64-fedora-gcc, r-devel-windows-x86_64, r-patched-linux-x86_64, r-release-linux-x86_64, r-release-macos-arm64, r-release-macos-x86_64, r-release-windows-x86_64
Version: 0.7.1
Check: installed package size
Result: NOTE
installed size is 5.6Mb
sub-directories of 1Mb or more:
data 2.6Mb
help 1.7Mb
libs 1.2Mb
Flavors: r-oldrel-macos-arm64, r-oldrel-macos-x86_64, r-oldrel-windows-x86_64