Last updated on 2025-05-01 01:49:47 CEST.
Flavor | Version | Tinstall | Tcheck | Ttotal | Status | Flags |
---|---|---|---|---|---|---|
r-devel-linux-x86_64-debian-clang | 5.1-0 | 12.59 | 134.79 | 147.38 | NOTE | |
r-devel-linux-x86_64-debian-gcc | 5.1-0 | 8.21 | 98.47 | 106.68 | OK | |
r-devel-linux-x86_64-fedora-clang | 5.1-0 | 233.95 | OK | |||
r-devel-linux-x86_64-fedora-gcc | 5.1-0 | 231.51 | OK | |||
r-devel-windows-x86_64 | 5.1-0 | 12.00 | 163.00 | 175.00 | OK | |
r-patched-linux-x86_64 | 5.1-0 | 12.08 | 128.63 | 140.71 | OK | |
r-release-linux-x86_64 | 5.1-0 | 11.59 | 131.42 | 143.01 | OK | |
r-release-macos-arm64 | 5.1-0 | 57.00 | OK | |||
r-release-macos-x86_64 | 5.1-0 | 127.00 | OK | |||
r-release-windows-x86_64 | 5.1-0 | 12.00 | 168.00 | 180.00 | OK | |
r-oldrel-macos-arm64 | 5.1-0 | 65.00 | NOTE | |||
r-oldrel-macos-x86_64 | 5.1-0 | 173.00 | NOTE | |||
r-oldrel-windows-x86_64 | 5.1-0 | 15.00 | 193.00 | 208.00 | NOTE |
Version: 5.1-0
Check: examples
Result: NOTE
Examples with CPU (user + system) or elapsed time > 5s
user system elapsed
bw.loccit 5.698 0.028 8.341
with.locmincon 4.777 0.000 6.193
plot.loccit 4.617 0.105 7.003
predict.loccit 4.282 0.044 5.559
psib.loccit 4.248 0.012 6.563
homtestmap 4.084 0.047 5.514
loccit 4.083 0.047 5.385
Flavor: r-devel-linux-x86_64-debian-clang
Version: 5.1-0
Check: package dependencies
Result: NOTE
Depends: includes the non-default packages:
'spatstat.data', 'spatstat.univar', 'spatstat.sparse',
'spatstat.geom', 'spatstat.random', 'spatstat.explore',
'spatstat.model', 'spatstat'
Adding so many packages to the search path is excessive and importing
selectively is preferable.
Flavors: r-oldrel-macos-arm64, r-oldrel-macos-x86_64, r-oldrel-windows-x86_64