Last updated on 2025-04-29 01:49:48 CEST.
Flavor | Version | Tinstall | Tcheck | Ttotal | Status | Flags |
---|---|---|---|---|---|---|
r-devel-linux-x86_64-debian-clang | 2.0-1 | 3.62 | 24.81 | 28.43 | OK | |
r-devel-linux-x86_64-debian-gcc | 2.0-1 | 3.15 | 19.79 | 22.94 | NOTE | |
r-devel-linux-x86_64-fedora-clang | 2.0-1 | 46.52 | OK | |||
r-devel-linux-x86_64-fedora-gcc | 2.0-1 | 43.98 | OK | |||
r-devel-windows-x86_64 | 2.0-1 | 5.00 | 45.00 | 50.00 | OK | |
r-patched-linux-x86_64 | 2.0-1 | 3.87 | 24.13 | 28.00 | OK | |
r-release-linux-x86_64 | 2.0-1 | 3.81 | 24.35 | 28.16 | OK | |
r-release-macos-arm64 | 2.0-1 | 27.00 | OK | |||
r-release-macos-x86_64 | 2.0-1 | 30.00 | OK | |||
r-release-windows-x86_64 | 2.0-1 | 5.00 | 48.00 | 53.00 | OK | |
r-oldrel-macos-arm64 | 2.0-1 | 27.00 | OK | |||
r-oldrel-macos-x86_64 | 2.0-1 | 25.00 | OK | |||
r-oldrel-windows-x86_64 | 2.0-1 | 6.00 | 48.00 | 54.00 | OK |
Version: 2.0-1
Check: CRAN incoming feasibility
Result: NOTE
Maintainer: ‘Alexios Ghalanos <alexios@4dscape.com>’
No Authors@R field in DESCRIPTION.
Please add one, modifying
Authors@R: person(given = "Alexios",
family = "Ghalanos",
role = c("aut", "cre"),
email = "alexios@4dscape.com")
as necessary.
Package CITATION file contains call(s) to old-style personList() or
as.personList(). Please use c() on person objects instead.
Package CITATION file contains call(s) to old-style citEntry(). Please
use bibentry() instead.
Flavor: r-devel-linux-x86_64-debian-gcc