CRAN Package Check Results for Package spiritR

Last updated on 2025-05-07 01:50:15 CEST.

Flavor Version Tinstall Tcheck Ttotal Status Flags
r-devel-linux-x86_64-debian-clang 0.1.1 2.37 23.76 26.13 OK
r-devel-linux-x86_64-debian-gcc 0.1.1 1.56 19.43 20.99 OK
r-devel-linux-x86_64-fedora-clang 0.1.1 43.82 OK
r-devel-linux-x86_64-fedora-gcc 0.1.1 53.73 OK
r-devel-windows-x86_64 0.1.1 4.00 47.00 51.00 OK
r-patched-linux-x86_64 0.1.1 2.40 22.95 25.35 OK
r-release-linux-x86_64 0.1.1 2.17 22.61 24.78 OK
r-release-macos-arm64 0.1.1 35.00 OK
r-release-macos-x86_64 0.1.1 45.00 OK
r-release-windows-x86_64 0.1.1 4.00 47.00 51.00 OK
r-oldrel-macos-arm64 0.1.1 24.00 NOTE
r-oldrel-macos-x86_64 0.1.1 34.00 NOTE
r-oldrel-windows-x86_64 0.1.1 4.00 52.00 56.00 NOTE

Check Details

Version: 0.1.1
Check: LazyData
Result: NOTE 'LazyData' is specified without a 'data' directory Flavors: r-oldrel-macos-arm64, r-oldrel-macos-x86_64, r-oldrel-windows-x86_64