Last updated on 2024-05-21 02:02:22 CEST.
Flavor | Version | Tinstall | Tcheck | Ttotal | Status | Flags |
---|---|---|---|---|---|---|
r-devel-linux-x86_64-debian-clang | 0.8.2 | 33.99 | 188.63 | 222.62 | NOTE | |
r-devel-linux-x86_64-debian-gcc | 0.8.2 | 25.32 | 142.98 | 168.30 | NOTE | |
r-devel-linux-x86_64-fedora-clang | 0.8.2 | 284.96 | NOTE | |||
r-devel-linux-x86_64-fedora-gcc | 0.8.2 | 285.35 | NOTE | |||
r-devel-windows-x86_64 | 0.8.2 | 29.00 | 158.00 | 187.00 | NOTE | |
r-patched-linux-x86_64 | 0.8.2 | 33.83 | 181.45 | 215.28 | NOTE | |
r-release-linux-x86_64 | 0.8.2 | 28.35 | 181.55 | 209.90 | NOTE | |
r-release-macos-arm64 | 0.8.2 | 87.00 | NOTE | |||
r-release-windows-x86_64 | 0.8.2 | 29.00 | 160.00 | 189.00 | NOTE | |
r-oldrel-macos-arm64 | 0.8.2 | 83.00 | OK | |||
r-oldrel-macos-x86_64 | 0.8.2 | 142.00 | OK | |||
r-oldrel-windows-x86_64 | 0.8.2 | 36.00 | 217.00 | 253.00 | OK |
Version: 0.8.2
Check: Rd files
Result: NOTE
checkRd: (-1) speedtestdata.Rd:18: Lost braces in \itemize; meant \describe ?
checkRd: (-1) speedtestdata.Rd:19: Lost braces in \itemize; meant \describe ?
checkRd: (-1) speedtestdata.Rd:20: Lost braces in \itemize; meant \describe ?
checkRd: (-1) speedtestdata.Rd:21: Lost braces in \itemize; meant \describe ?
checkRd: (-1) speedtestdata.Rd:22: Lost braces in \itemize; meant \describe ?
checkRd: (-1) speedtestdata.Rd:23: Lost braces in \itemize; meant \describe ?
Flavors: r-devel-linux-x86_64-debian-clang, r-devel-linux-x86_64-debian-gcc, r-devel-linux-x86_64-fedora-clang, r-devel-linux-x86_64-fedora-gcc, r-devel-windows-x86_64, r-patched-linux-x86_64, r-release-linux-x86_64, r-release-macos-arm64, r-release-windows-x86_64