Last updated on 2025-04-15 01:50:47 CEST.
Flavor | Version | Tinstall | Tcheck | Ttotal | Status | Flags |
---|---|---|---|---|---|---|
r-devel-linux-x86_64-debian-clang | 0.8.2 | 20.91 | 150.46 | 171.37 | NOTE | |
r-devel-linux-x86_64-debian-gcc | 0.8.2 | 15.01 | 104.96 | 119.97 | NOTE | |
r-devel-linux-x86_64-fedora-clang | 0.8.2 | 280.12 | NOTE | |||
r-devel-linux-x86_64-fedora-gcc | 0.8.2 | 272.65 | NOTE | |||
r-devel-windows-x86_64 | 0.8.2 | 27.00 | 166.00 | 193.00 | NOTE | |
r-patched-linux-x86_64 | 0.8.2 | 20.14 | 145.60 | 165.74 | NOTE | |
r-release-linux-x86_64 | 0.8.2 | 19.31 | 144.31 | 163.62 | NOTE | |
r-release-macos-arm64 | 0.8.2 | 84.00 | NOTE | |||
r-release-macos-x86_64 | 0.8.2 | 170.00 | NOTE | |||
r-release-windows-x86_64 | 0.8.2 | 25.00 | 160.00 | 185.00 | NOTE | |
r-oldrel-macos-arm64 | 0.8.2 | 87.00 | NOTE | |||
r-oldrel-macos-x86_64 | 0.8.2 | 124.00 | NOTE | |||
r-oldrel-windows-x86_64 | 0.8.2 | 32.00 | 213.00 | 245.00 | NOTE |
Version: 0.8.2
Check: Rd files
Result: NOTE
checkRd: (-1) speedtestdata.Rd:18: Lost braces in \itemize; meant \describe ?
checkRd: (-1) speedtestdata.Rd:19: Lost braces in \itemize; meant \describe ?
checkRd: (-1) speedtestdata.Rd:20: Lost braces in \itemize; meant \describe ?
checkRd: (-1) speedtestdata.Rd:21: Lost braces in \itemize; meant \describe ?
checkRd: (-1) speedtestdata.Rd:22: Lost braces in \itemize; meant \describe ?
checkRd: (-1) speedtestdata.Rd:23: Lost braces in \itemize; meant \describe ?
Flavors: r-devel-linux-x86_64-debian-clang, r-devel-linux-x86_64-debian-gcc, r-devel-linux-x86_64-fedora-clang, r-devel-linux-x86_64-fedora-gcc, r-devel-windows-x86_64, r-patched-linux-x86_64, r-release-linux-x86_64, r-release-macos-arm64, r-release-macos-x86_64, r-release-windows-x86_64, r-oldrel-macos-arm64, r-oldrel-macos-x86_64, r-oldrel-windows-x86_64