Last updated on 2025-10-24 01:50:41 CEST.
| Flavor | Version | Tinstall | Tcheck | Ttotal | Status | Flags |
|---|---|---|---|---|---|---|
| r-devel-linux-x86_64-debian-clang | 1.0.9 | 2.08 | 27.35 | 29.43 | NOTE | |
| r-devel-linux-x86_64-debian-gcc | 1.0.9 | 1.78 | 20.70 | 22.48 | NOTE | |
| r-devel-linux-x86_64-fedora-clang | 1.0.9 | 43.36 | OK | |||
| r-devel-linux-x86_64-fedora-gcc | 1.0.9 | 41.10 | OK | |||
| r-devel-windows-x86_64 | 1.0.9 | 3.00 | 46.00 | 49.00 | OK | |
| r-patched-linux-x86_64 | 1.0.9 | 3.08 | 25.61 | 28.69 | OK | |
| r-release-linux-x86_64 | 1.0.9 | 2.41 | 25.39 | 27.80 | OK | |
| r-release-macos-arm64 | 1.0.9 | 1.00 | 16.00 | 17.00 | OK | |
| r-release-macos-x86_64 | 1.0.9 | 2.00 | 27.00 | 29.00 | OK | |
| r-release-windows-x86_64 | 1.0.9 | 5.00 | 51.00 | 56.00 | OK | |
| r-oldrel-macos-arm64 | 1.0.9 | 1.00 | 16.00 | 17.00 | OK | |
| r-oldrel-macos-x86_64 | 1.0.9 | 2.00 | 25.00 | 27.00 | OK | |
| r-oldrel-windows-x86_64 | 1.0.9 | 4.00 | 48.00 | 52.00 | OK |
Version: 1.0.9
Check: CRAN incoming feasibility
Result: NOTE
Maintainer: ‘Aron C. Eklund <aroneklund@gmail.com>’
No Authors@R field in DESCRIPTION.
Please add one, modifying
Authors@R: person(given = c("Aron", "C."),
family = "Eklund",
role = c("aut", "cre"),
email = "aroneklund@gmail.com")
as necessary.
Flavors: r-devel-linux-x86_64-debian-clang, r-devel-linux-x86_64-debian-gcc