Last updated on 2025-02-05 02:49:02 CET.
Flavor | Version | Tinstall | Tcheck | Ttotal | Status | Flags |
---|---|---|---|---|---|---|
r-devel-linux-x86_64-debian-clang | 0.1.0 | 3.76 | 30.68 | 34.44 | OK | |
r-devel-linux-x86_64-debian-gcc | 0.1.0 | 2.30 | 23.02 | 25.32 | OK | |
r-devel-linux-x86_64-fedora-clang | 0.1.0 | 57.68 | NOTE | |||
r-devel-linux-x86_64-fedora-gcc | 0.1.0 | 83.33 | NOTE | |||
r-devel-windows-x86_64 | 0.1.0 | 5.00 | 63.00 | 68.00 | OK | |
r-patched-linux-x86_64 | 0.1.0 | 3.85 | 29.31 | 33.16 | OK | |
r-release-linux-x86_64 | 0.1.0 | 3.50 | 29.06 | 32.56 | OK | |
r-release-macos-arm64 | 0.1.0 | 32.00 | OK | |||
r-release-macos-x86_64 | 0.1.0 | 56.00 | OK | |||
r-release-windows-x86_64 | 0.1.0 | 5.00 | 59.00 | 64.00 | OK | |
r-oldrel-macos-arm64 | 0.1.0 | 33.00 | OK | |||
r-oldrel-macos-x86_64 | 0.1.0 | 50.00 | OK | |||
r-oldrel-windows-x86_64 | 0.1.0 | 4.00 | 62.00 | 66.00 | OK |
Version: 0.1.0
Check: dependencies in R code
Result: NOTE
Namespace in Imports field not imported from: ‘Matrix’
All declared Imports should be used.
Flavors: r-devel-linux-x86_64-fedora-clang, r-devel-linux-x86_64-fedora-gcc