CRAN Package Check Results for Package starwarsdb

Last updated on 2025-05-01 01:49:48 CEST.

Flavor Version Tinstall Tcheck Ttotal Status Flags
r-devel-linux-x86_64-debian-clang 0.1.2 1.78 33.96 35.74 NOTE
r-devel-linux-x86_64-debian-gcc 0.1.2 1.16 27.83 28.99 OK
r-devel-linux-x86_64-fedora-clang 0.1.2 56.75 OK
r-devel-linux-x86_64-fedora-gcc 0.1.2 66.77 OK
r-devel-windows-x86_64 0.1.2 3.00 57.00 60.00 OK
r-patched-linux-x86_64 0.1.2 2.10 31.96 34.06 OK
r-release-linux-x86_64 0.1.2 1.65 31.04 32.69 OK
r-release-macos-arm64 0.1.2 41.00 OK
r-release-macos-x86_64 0.1.2 48.00 OK
r-release-windows-x86_64 0.1.2 4.00 56.00 60.00 OK
r-oldrel-macos-arm64 0.1.2 25.00 OK
r-oldrel-macos-x86_64 0.1.2 44.00 OK
r-oldrel-windows-x86_64 0.1.2 4.00 61.00 65.00 OK

Check Details

Version: 0.1.2
Check: examples
Result: NOTE Examples with CPU (user + system) or elapsed time > 5s user system elapsed starwars_db 2.87 0.171 5.404 Flavor: r-devel-linux-x86_64-debian-clang