Last updated on 2025-05-01 01:49:48 CEST.
Flavor | Version | Tinstall | Tcheck | Ttotal | Status | Flags |
---|---|---|---|---|---|---|
r-devel-linux-x86_64-debian-clang | 1.0.4 | 5.81 | 179.96 | 185.77 | NOTE | |
r-devel-linux-x86_64-debian-gcc | 1.0.4 | 3.38 | 118.42 | 121.80 | OK | |
r-devel-linux-x86_64-fedora-clang | 1.0.4 | 294.65 | OK | |||
r-devel-linux-x86_64-fedora-gcc | 1.0.4 | 293.88 | OK | |||
r-devel-windows-x86_64 | 1.0.4 | 6.00 | 185.00 | 191.00 | OK | |
r-patched-linux-x86_64 | 1.0.4 | 4.64 | 169.33 | 173.97 | OK | |
r-release-linux-x86_64 | 1.0.4 | 5.24 | 167.18 | 172.42 | OK | |
r-release-macos-arm64 | 1.0.4 | 84.00 | OK | |||
r-release-macos-x86_64 | 1.0.4 | 128.00 | OK | |||
r-release-windows-x86_64 | 1.0.4 | 6.00 | 192.00 | 198.00 | OK | |
r-oldrel-macos-arm64 | 1.0.4 | 102.00 | OK | |||
r-oldrel-macos-x86_64 | 1.0.4 | 152.00 | OK | |||
r-oldrel-windows-x86_64 | 1.0.4 | 8.00 | 245.00 | 253.00 | OK |
Version: 1.0.4
Check: examples
Result: NOTE
Examples with CPU (user + system) or elapsed time > 5s
user system elapsed
selQTLMPP 6.325 0.094 8.361
plot.gDataMPP 5.931 0.049 8.349
Flavor: r-devel-linux-x86_64-debian-clang