CRAN Package Check Results for Package statip

Last updated on 2025-02-05 02:49:02 CET.

Flavor Version Tinstall Tcheck Ttotal Status Flags
r-devel-linux-x86_64-debian-clang 0.2.3 3.06 25.78 28.84 OK
r-devel-linux-x86_64-debian-gcc 0.2.3 2.64 20.42 23.06 OK
r-devel-linux-x86_64-fedora-clang 0.2.3 46.98 OK
r-devel-linux-x86_64-fedora-gcc 0.2.3 44.40 OK
r-devel-windows-x86_64 0.2.3 8.00 53.00 61.00 OK
r-patched-linux-x86_64 0.2.3 3.30 24.47 27.77 NOTE
r-release-linux-x86_64 0.2.3 3.30 24.63 27.93 NOTE
r-release-macos-arm64 0.2.3 19.00 NOTE
r-release-macos-x86_64 0.2.3 30.00 NOTE
r-release-windows-x86_64 0.2.3 6.00 51.00 57.00 NOTE
r-oldrel-macos-arm64 0.2.3 19.00 NOTE
r-oldrel-macos-x86_64 0.2.3 24.00 NOTE
r-oldrel-windows-x86_64 0.2.3 8.00 54.00 62.00 NOTE

Check Details

Version: 0.2.3
Check: LazyData
Result: NOTE 'LazyData' is specified without a 'data' directory Flavors: r-patched-linux-x86_64, r-release-linux-x86_64, r-release-macos-arm64, r-release-macos-x86_64, r-release-windows-x86_64, r-oldrel-macos-arm64, r-oldrel-macos-x86_64, r-oldrel-windows-x86_64