Last updated on 2025-05-06 02:50:33 CEST.
Flavor | Version | Tinstall | Tcheck | Ttotal | Status | Flags |
---|---|---|---|---|---|---|
r-devel-linux-x86_64-debian-clang | 0.7.4 | 4.24 | 68.71 | 72.95 | NOTE | |
r-devel-linux-x86_64-debian-gcc | 0.7.4 | 2.99 | 52.23 | 55.22 | NOTE | |
r-devel-linux-x86_64-fedora-clang | 0.7.4 | 111.77 | NOTE | |||
r-devel-linux-x86_64-fedora-gcc | 0.7.4 | 123.87 | NOTE | |||
r-devel-windows-x86_64 | 0.7.4 | 6.00 | 93.00 | 99.00 | NOTE | |
r-patched-linux-x86_64 | 0.7.4 | 3.96 | 64.11 | 68.07 | NOTE | |
r-release-linux-x86_64 | 0.7.4 | 3.87 | 64.45 | 68.32 | NOTE | |
r-release-macos-arm64 | 0.7.4 | 60.00 | NOTE | |||
r-release-macos-x86_64 | 0.7.4 | 107.00 | NOTE | |||
r-release-windows-x86_64 | 0.7.4 | 7.00 | 92.00 | 99.00 | NOTE | |
r-oldrel-macos-arm64 | 0.7.4 | 59.00 | OK | |||
r-oldrel-macos-x86_64 | 0.7.4 | 104.00 | OK | |||
r-oldrel-windows-x86_64 | 0.7.4 | 7.00 | 108.00 | 115.00 | OK |
Version: 0.7.4
Check: DESCRIPTION meta-information
Result: NOTE
Missing dependency on R >= 4.1.0 because package code uses the pipe
|> or function shorthand \(...) syntax added in R 4.1.0.
File(s) using such syntax:
‘tables.R’
Flavors: r-devel-linux-x86_64-debian-clang, r-devel-linux-x86_64-debian-gcc, r-devel-linux-x86_64-fedora-clang, r-devel-linux-x86_64-fedora-gcc, r-devel-windows-x86_64, r-patched-linux-x86_64, r-release-linux-x86_64, r-release-macos-arm64, r-release-macos-x86_64, r-release-windows-x86_64