Last updated on 2025-05-09 01:50:20 CEST.
Flavor | Version | Tinstall | Tcheck | Ttotal | Status | Flags |
---|---|---|---|---|---|---|
r-devel-linux-x86_64-debian-clang | 0.1.0 | 12.13 | 234.93 | 247.06 | OK | |
r-devel-linux-x86_64-debian-gcc | 0.1.0 | 10.96 | 164.96 | 175.92 | OK | |
r-devel-linux-x86_64-fedora-clang | 0.1.0 | 295.09 | OK | |||
r-devel-linux-x86_64-fedora-gcc | 0.1.0 | 384.03 | OK | |||
r-devel-windows-x86_64 | 0.1.0 | 15.00 | 242.00 | 257.00 | OK | |
r-patched-linux-x86_64 | 0.1.0 | 12.32 | 222.66 | 234.98 | OK | |
r-release-linux-x86_64 | 0.1.0 | 13.98 | 223.92 | 237.90 | OK | |
r-release-macos-arm64 | 0.1.0 | 125.00 | OK | |||
r-release-macos-x86_64 | 0.1.0 | 244.00 | OK | |||
r-release-windows-x86_64 | 0.1.0 | 15.00 | 247.00 | 262.00 | OK | |
r-oldrel-macos-arm64 | 0.1.0 | 107.00 | OK | |||
r-oldrel-macos-x86_64 | 0.1.0 | 171.00 | NOTE | |||
r-oldrel-windows-x86_64 | 0.1.0 | 21.00 | 309.00 | 330.00 | OK |
Version: 0.1.0
Check: installed package size
Result: NOTE
installed size is 5.1Mb
sub-directories of 1Mb or more:
data 3.1Mb
doc 1.3Mb
Flavor: r-oldrel-macos-x86_64