Last updated on 2024-05-21 02:02:23 CEST.
Flavor | Version | Tinstall | Tcheck | Ttotal | Status | Flags |
---|---|---|---|---|---|---|
r-devel-linux-x86_64-debian-clang | 3.0.7 | 11.89 | 89.53 | 101.42 | OK | |
r-devel-linux-x86_64-debian-gcc | 3.0.7 | 7.98 | 65.98 | 73.96 | OK | |
r-devel-linux-x86_64-fedora-clang | 3.0.7 | 123.45 | NOTE | |||
r-devel-linux-x86_64-fedora-gcc | 3.0.7 | 129.05 | NOTE | |||
r-devel-windows-x86_64 | 3.0.7 | 8.00 | 81.00 | 89.00 | OK | |
r-patched-linux-x86_64 | 3.0.7 | 8.13 | 82.50 | 90.63 | OK | |
r-release-linux-x86_64 | 3.0.7 | 6.09 | 83.74 | 89.83 | OK | |
r-release-macos-arm64 | 3.0.7 | 42.00 | OK | |||
r-release-windows-x86_64 | 3.0.7 | 10.00 | 82.00 | 92.00 | OK | |
r-oldrel-macos-arm64 | 3.0.7 | 46.00 | OK | |||
r-oldrel-macos-x86_64 | 3.0.7 | 74.00 | OK | |||
r-oldrel-windows-x86_64 | 3.0.7 | 12.00 | 94.00 | 106.00 | OK |
Version: 3.0.7
Check: dependencies in R code
Result: NOTE
Namespaces in Imports field not imported from:
‘DT’ ‘bsplus’ ‘colourpicker’ ‘grDevices’ ‘graphics’ ‘jsonlite’
‘purrr’ ‘shinyjs’
All declared Imports should be used.
Flavors: r-devel-linux-x86_64-fedora-clang, r-devel-linux-x86_64-fedora-gcc