CRAN Package Check Results for Package sugarglider

Last updated on 2025-05-01 01:49:48 CEST.

Flavor Version Tinstall Tcheck Ttotal Status Flags
r-devel-linux-x86_64-debian-clang 1.0.3 6.43 77.57 84.00 NOTE
r-devel-linux-x86_64-debian-gcc 1.0.3 3.66 55.69 59.35 NOTE
r-devel-linux-x86_64-fedora-clang 1.0.3 118.92 NOTE
r-devel-linux-x86_64-fedora-gcc 1.0.3 127.48 NOTE
r-devel-windows-x86_64 1.0.3 8.00 97.00 105.00 NOTE
r-patched-linux-x86_64 1.0.3 5.27 70.85 76.12 NOTE
r-release-linux-x86_64 1.0.3 5.94 70.60 76.54 NOTE
r-release-macos-arm64 1.0.3 42.00 NOTE
r-release-macos-x86_64 1.0.3 76.00 NOTE
r-release-windows-x86_64 1.0.3 8.00 103.00 111.00 NOTE
r-oldrel-macos-arm64 1.0.3 44.00 OK
r-oldrel-macos-x86_64 1.0.3 76.00 OK
r-oldrel-windows-x86_64 1.0.3 8.00 114.00 122.00 OK

Check Details

Version: 1.0.3
Check: DESCRIPTION meta-information
Result: NOTE Missing dependency on R >= 4.1.0 because package code uses the pipe |> or function shorthand \(...) syntax added in R 4.1.0. File(s) using such syntax: ‘geom_glyph_ribbon.R’ ‘geom_glyph_ribbon.Rd’ ‘geom_glyph_segment.Rd’ ‘theme_glyph.Rd’ Flavors: r-devel-linux-x86_64-debian-clang, r-devel-linux-x86_64-debian-gcc, r-devel-linux-x86_64-fedora-clang, r-devel-linux-x86_64-fedora-gcc, r-devel-windows-x86_64, r-patched-linux-x86_64, r-release-linux-x86_64, r-release-macos-arm64, r-release-macos-x86_64, r-release-windows-x86_64

Version: 1.0.3
Check: examples
Result: NOTE Examples with CPU (user + system) or elapsed time > 5s user system elapsed geom_glyph_ribbon 5.735 0.422 8.489 Flavor: r-devel-linux-x86_64-debian-clang