Last updated on 2025-05-01 01:49:48 CEST.
Flavor | Version | Tinstall | Tcheck | Ttotal | Status | Flags |
---|---|---|---|---|---|---|
r-devel-linux-x86_64-debian-clang | 1.1.0 | 14.08 | 38.29 | 52.37 | NOTE | |
r-devel-linux-x86_64-debian-gcc | 1.1.0 | 10.49 | 26.58 | 37.07 | NOTE | |
r-devel-linux-x86_64-fedora-clang | 1.1.0 | 87.31 | OK | |||
r-devel-linux-x86_64-fedora-gcc | 1.1.0 | 83.69 | OK | |||
r-devel-windows-x86_64 | 1.1.0 | 19.00 | 78.00 | 97.00 | OK | |
r-patched-linux-x86_64 | 1.1.0 | 14.96 | 34.58 | 49.54 | OK | |
r-release-linux-x86_64 | 1.1.0 | 15.56 | 34.72 | 50.28 | OK | |
r-release-macos-arm64 | 1.1.0 | 31.00 | OK | |||
r-release-macos-x86_64 | 1.1.0 | 56.00 | OK | |||
r-release-windows-x86_64 | 1.1.0 | 19.00 | 81.00 | 100.00 | OK | |
r-oldrel-macos-arm64 | 1.1.0 | 28.00 | OK | |||
r-oldrel-macos-x86_64 | 1.1.0 | 41.00 | OK | |||
r-oldrel-windows-x86_64 | 1.1.0 | 22.00 | 87.00 | 109.00 | OK |
Version: 1.1.0
Check: CRAN incoming feasibility
Result: NOTE
Maintainer: ‘Anna Vesely <anna.vesely@phd.unipd.it>’
No Authors@R field in DESCRIPTION.
Please add one, modifying
Authors@R: person(given = "Anna",
family = "Vesely",
role = c("aut", "cre"),
email = "anna.vesely@phd.unipd.it")
as necessary.
The Description field contains
may be found in Vesely, Finos, and Goeman (2020) <arXiv:2102.11759>.
Please refer to arXiv e-prints via their arXiv DOI <doi:10.48550/arXiv.YYMM.NNNNN>.
Flavors: r-devel-linux-x86_64-debian-clang, r-devel-linux-x86_64-debian-gcc
Version: 1.1.0
Check: examples
Result: NOTE
Examples with CPU (user + system) or elapsed time > 5s
user system elapsed
brainPvals 6.382 0.204 9.549
Flavor: r-devel-linux-x86_64-debian-clang