Last updated on 2025-05-05 01:51:05 CEST.
Flavor | Version | Tinstall | Tcheck | Ttotal | Status | Flags |
---|---|---|---|---|---|---|
r-devel-linux-x86_64-debian-clang | 2.0 | 2.89 | 21.81 | 24.70 | NOTE | |
r-devel-linux-x86_64-debian-gcc | 2.0 | 2.26 | 17.46 | 19.72 | NOTE | |
r-devel-linux-x86_64-fedora-clang | 2.0 | 39.80 | OK | |||
r-devel-linux-x86_64-fedora-gcc | 2.0 | 36.86 | OK | |||
r-devel-windows-x86_64 | 2.0 | 5.00 | 43.00 | 48.00 | OK | |
r-patched-linux-x86_64 | 2.0 | 2.94 | 20.96 | 23.90 | OK | |
r-release-linux-x86_64 | 2.0 | 2.61 | 21.01 | 23.62 | OK | |
r-release-macos-arm64 | 2.0 | 18.00 | OK | |||
r-release-macos-x86_64 | 2.0 | 28.00 | OK | |||
r-release-windows-x86_64 | 2.0 | 6.00 | 44.00 | 50.00 | OK | |
r-oldrel-macos-arm64 | 2.0 | 22.00 | OK | |||
r-oldrel-macos-x86_64 | 2.0 | 24.00 | OK | |||
r-oldrel-windows-x86_64 | 2.0 | 4.00 | 52.00 | 56.00 | OK |
Version: 2.0
Check: CRAN incoming feasibility
Result: NOTE
Maintainer: ‘Le Bao <lbaole17@gmail.com>’
No Authors@R field in DESCRIPTION.
Please add one, modifying
Authors@R: c(person(family = "Le Bao",
role = c("aut", "cre"),
email = "lbaole17@gmail.com"),
person(given = "Jeff",
family = "Gill",
role = "aut",
email = "jgill@mac.com"),
person(given = "Tsung-han",
family = "Tsai",
role = "aut",
email = "thtsai@nccu.edu.tw"),
person(given = "Jonathan",
family = "Rapkin",
role = "aut"))
as necessary.
Flavors: r-devel-linux-x86_64-debian-clang, r-devel-linux-x86_64-debian-gcc