Last updated on 2025-10-26 01:50:03 CEST.
| Flavor | Version | Tinstall | Tcheck | Ttotal | Status | Flags |
|---|---|---|---|---|---|---|
| r-devel-linux-x86_64-debian-clang | 3.0.0 | 5.16 | 97.26 | 102.42 | NOTE | |
| r-devel-linux-x86_64-debian-gcc | 3.0.0 | 2.89 | 68.89 | 71.78 | NOTE | |
| r-devel-linux-x86_64-fedora-clang | 3.0.0 | 26.00 | 153.05 | 179.05 | OK | |
| r-devel-linux-x86_64-fedora-gcc | 3.0.0 | 10.00 | 159.42 | 169.42 | NOTE | |
| r-devel-windows-x86_64 | 3.0.0 | 9.00 | 191.00 | 200.00 | NOTE | |
| r-patched-linux-x86_64 | 3.0.0 | 4.89 | 91.78 | 96.67 | NOTE | |
| r-release-linux-x86_64 | 3.0.0 | 3.81 | 90.08 | 93.89 | NOTE | |
| r-release-macos-arm64 | 3.0.0 | 3.00 | 53.00 | 56.00 | OK | |
| r-release-macos-x86_64 | 3.0.0 | 5.00 | 90.00 | 95.00 | OK | |
| r-release-windows-x86_64 | 3.0.0 | 8.00 | 184.00 | 192.00 | NOTE | |
| r-oldrel-macos-arm64 | 3.0.0 | 3.00 | 43.00 | 46.00 | OK | |
| r-oldrel-macos-x86_64 | 3.0.0 | 4.00 | 64.00 | 68.00 | OK | |
| r-oldrel-windows-x86_64 | 3.0.0 | 11.00 | 211.00 | 222.00 | OK |
Version: 3.0.0
Check: Rd cross-references
Result: NOTE
Found the following Rd file(s) with Rd \link{} targets missing package
anchors:
level_pairs.Rd: tibble
new_pairwise_tbl.Rd: tibble
row_blank.Rd: tibble_row
row_error.Rd: tibble_row
row_term.Rd: tibble_row
Please provide package anchors for all Rd \link{} targets not in the
package itself and the base packages.
Flavors: r-devel-linux-x86_64-debian-clang, r-devel-linux-x86_64-debian-gcc, r-devel-windows-x86_64, r-patched-linux-x86_64, r-release-linux-x86_64, r-release-windows-x86_64
Version: 3.0.0
Check: for non-standard things in the check directory
Result: NOTE
Found the following files/directories:
‘JMRData’
Flavor: r-devel-linux-x86_64-fedora-gcc