Last updated on 2025-11-12 01:49:13 CET.
| Flavor | Version | Tinstall | Tcheck | Ttotal | Status | Flags |
|---|---|---|---|---|---|---|
| r-devel-linux-x86_64-debian-clang | 0.6.3 | 26.88 | 217.67 | 244.55 | OK | |
| r-devel-linux-x86_64-debian-gcc | 0.6.3 | 18.77 | 155.75 | 174.52 | OK | |
| r-devel-linux-x86_64-fedora-clang | 0.6.3 | 119.00 | 263.76 | 382.76 | OK | |
| r-devel-linux-x86_64-fedora-gcc | 0.6.3 | 53.00 | 303.32 | 356.32 | OK | |
| r-devel-windows-x86_64 | 0.6.3 | 15.00 | 120.00 | 135.00 | NOTE | |
| r-patched-linux-x86_64 | 0.6.3 | 22.84 | 204.34 | 227.18 | OK | |
| r-release-linux-x86_64 | 0.6.3 | 25.99 | 204.45 | 230.44 | OK | |
| r-release-macos-arm64 | 0.6.3 | 6.00 | 51.00 | 57.00 | OK | |
| r-release-macos-x86_64 | 0.6.3 | 14.00 | 118.00 | 132.00 | OK | |
| r-release-windows-x86_64 | 0.6.3 | 23.00 | 170.00 | 193.00 | NOTE | |
| r-oldrel-macos-arm64 | 0.6.3 | 6.00 | 56.00 | 62.00 | OK | |
| r-oldrel-macos-x86_64 | 0.6.3 | 29.00 | 140.00 | 169.00 | OK | |
| r-oldrel-windows-x86_64 | 0.6.3 | 30.00 | 222.00 | 252.00 | NOTE |
Version: 0.6.3
Check: whether startup messages can be suppressed
Result: NOTE
Torch libraries are installed but loading them was unsuccessful.
It looks like this package (or a package it requires) has a startup
message which cannot be suppressed: see ?packageStartupMessage.
Flavors: r-devel-windows-x86_64, r-release-windows-x86_64, r-oldrel-windows-x86_64