Last updated on 2025-05-01 01:49:48 CEST.
Flavor | Version | Tinstall | Tcheck | Ttotal | Status | Flags |
---|---|---|---|---|---|---|
r-devel-linux-x86_64-debian-clang | 1.3.1 | 26.91 | 315.52 | 342.43 | NOTE | |
r-devel-linux-x86_64-debian-gcc | 1.3.1 | 19.67 | 329.46 | 349.13 | OK | |
r-devel-linux-x86_64-fedora-clang | 1.3.1 | 400.68 | OK | |||
r-devel-linux-x86_64-fedora-gcc | 1.3.1 | 434.01 | OK | |||
r-devel-windows-x86_64 | 1.3.1 | 34.00 | 213.00 | 247.00 | OK | |
r-patched-linux-x86_64 | 1.3.1 | 26.47 | 304.27 | 330.74 | OK | |
r-release-linux-x86_64 | 1.3.1 | 26.63 | 291.79 | 318.42 | OK | |
r-release-macos-arm64 | 1.3.1 | 108.00 | OK | |||
r-release-macos-x86_64 | 1.3.1 | 183.00 | OK | |||
r-release-windows-x86_64 | 1.3.1 | 37.00 | 224.00 | 261.00 | OK | |
r-oldrel-macos-arm64 | 1.3.1 | 90.00 | OK | |||
r-oldrel-macos-x86_64 | 1.3.1 | 141.00 | OK | |||
r-oldrel-windows-x86_64 | 1.3.1 | 40.00 | 260.00 | 300.00 | OK |
Version: 1.3.1
Check: examples
Result: NOTE
Examples with CPU (user + system) or elapsed time > 5s
user system elapsed
plot.surveysd 8.044 0.337 5.571
calc.stError 7.089 0.400 4.369
Flavor: r-devel-linux-x86_64-debian-clang
Version: 1.3.1
Check: examples
Result: NA
user system elapsed
calc.stError 7.687 0.253 5.588
plot.surveysd 6.850 0.124 5.130
OK
Flavor: r-devel-linux-x86_64-debian-gcc