Last updated on 2025-10-31 01:49:16 CET.
| Flavor | Version | Tinstall | Tcheck | Ttotal | Status | Flags | 
|---|---|---|---|---|---|---|
| r-devel-linux-x86_64-debian-clang | 1.0.3.1 | 2.21 | 20.40 | 22.61 | NOTE | |
| r-devel-linux-x86_64-debian-gcc | 1.0.3.1 | 1.92 | 17.40 | 19.32 | NOTE | |
| r-devel-linux-x86_64-fedora-clang | 1.0.3.1 | 33.91 | NOTE | |||
| r-devel-linux-x86_64-fedora-gcc | 1.0.3.1 | 31.37 | NOTE | |||
| r-devel-windows-x86_64 | 1.0.3.1 | 5.00 | 36.00 | 41.00 | OK | |
| r-patched-linux-x86_64 | 1.0.3.1 | 2.52 | 19.70 | 22.22 | OK | |
| r-release-linux-x86_64 | 1.0.3.1 | 2.44 | 19.52 | 21.96 | OK | |
| r-release-macos-arm64 | 1.0.3.1 | 2.00 | 14.00 | 16.00 | OK | |
| r-release-macos-x86_64 | 1.0.3.1 | 4.00 | 22.00 | 26.00 | OK | |
| r-release-windows-x86_64 | 1.0.3.1 | 5.00 | 40.00 | 45.00 | OK | |
| r-oldrel-macos-arm64 | 1.0.3.1 | 2.00 | 14.00 | 16.00 | OK | |
| r-oldrel-macos-x86_64 | 1.0.3.1 | 3.00 | 18.00 | 21.00 | OK | |
| r-oldrel-windows-x86_64 | 1.0.3.1 | 5.00 | 37.00 | 42.00 | OK | 
Version: 1.0.3.1
Check: CRAN incoming feasibility
Result: NOTE
  Maintainer: ‘Paramita Saha-Chaudhuri <paramita.sahachaudhuri.work@gmail.com>’
  
  No Authors@R field in DESCRIPTION.
  Please add one, modifying
    Authors@R: c(person(given = c("Patrick", "J."),
                        family = "Heagerty",
                        role = "aut",
                        email = "heagerty@u.washington.edu"),
                 person(given = c("packaging", "by", "Paramita"),
                        family = "Saha-Chaudhuri",
                        role = "aut",
                        email = "paramita.sahachaudhuri.work@gmail.com"),
                 person(given = "Paramita",
                        family = "Saha-Chaudhuri",
                        role = "cre",
                        email = "paramita.sahachaudhuri.work@gmail.com"))
  as necessary.
Flavors: r-devel-linux-x86_64-debian-clang, r-devel-linux-x86_64-debian-gcc
Version: 1.0.3.1
Check: compiled code
Result: NOTE
  File ‘survivalROC/libs/survivalROC.so’:
    Found no calls to: ‘R_registerRoutines’, ‘R_useDynamicSymbols’
  
  It is good practice to register native routines and to disable symbol
  search.
  
  See ‘Writing portable packages’ in the ‘Writing R Extensions’ manual.
Flavors: r-devel-linux-x86_64-fedora-clang, r-devel-linux-x86_64-fedora-gcc