Last updated on 2024-05-21 02:02:23 CEST.
Flavor | Version | Tinstall | Tcheck | Ttotal | Status | Flags |
---|---|---|---|---|---|---|
r-devel-linux-x86_64-debian-clang | 0.0.7.1 | 235.84 | 273.52 | 509.36 | NOTE | |
r-devel-linux-x86_64-debian-gcc | 0.0.7.1 | 207.99 | 211.59 | 419.58 | NOTE | |
r-devel-linux-x86_64-fedora-clang | 0.0.7.1 | 516.03 | NOTE | |||
r-devel-linux-x86_64-fedora-gcc | 0.0.7.1 | 749.28 | NOTE | |||
r-devel-windows-x86_64 | 0.0.7.1 | 176.00 | 235.00 | 411.00 | NOTE | |
r-patched-linux-x86_64 | 0.0.7.1 | 202.13 | 281.09 | 483.22 | NOTE | |
r-release-linux-x86_64 | 0.0.7.1 | 191.38 | 280.95 | 472.33 | NOTE | |
r-release-macos-arm64 | 0.0.7.1 | 153.00 | NOTE | |||
r-release-macos-x86_64 | 0.0.7.1 | 367.00 | NOTE | |||
r-release-windows-x86_64 | 0.0.7.1 | 168.00 | 228.00 | 396.00 | NOTE | |
r-oldrel-macos-arm64 | 0.0.7.1 | 173.00 | NOTE | |||
r-oldrel-macos-x86_64 | 0.0.7.1 | 364.00 | NOTE | |||
r-oldrel-windows-x86_64 | 0.0.7.1 | 233.00 | 284.00 | 517.00 | NOTE |
Version: 0.0.7.1
Check: for GNU extensions in Makefiles
Result: NOTE
GNU make is a SystemRequirements.
Flavors: r-devel-linux-x86_64-debian-clang, r-devel-linux-x86_64-debian-gcc, r-devel-linux-x86_64-fedora-clang, r-devel-linux-x86_64-fedora-gcc, r-devel-windows-x86_64, r-patched-linux-x86_64, r-release-linux-x86_64, r-release-macos-arm64, r-release-macos-x86_64, r-release-windows-x86_64, r-oldrel-macos-arm64, r-oldrel-macos-x86_64, r-oldrel-windows-x86_64
Version: 0.0.7.1
Check: dependencies in R code
Result: NOTE
Namespaces in Imports field not imported from:
‘RcppParallel’ ‘rstantools’
All declared Imports should be used.
Flavors: r-devel-linux-x86_64-fedora-clang, r-devel-linux-x86_64-fedora-gcc
Version: 0.0.7.1
Check: installed package size
Result: NOTE
installed size is 63.6Mb
sub-directories of 1Mb or more:
libs 63.0Mb
Flavors: r-release-macos-arm64, r-release-macos-x86_64, r-oldrel-macos-arm64, r-oldrel-macos-x86_64