Last updated on 2025-02-17 01:50:40 CET.
Flavor | Version | Tinstall | Tcheck | Ttotal | Status | Flags |
---|---|---|---|---|---|---|
r-devel-linux-x86_64-debian-clang | 0.1.6 | 3.03 | 24.93 | 27.96 | NOTE | |
r-devel-linux-x86_64-debian-gcc | 0.1.6 | 1.75 | 19.06 | 20.81 | NOTE | |
r-devel-linux-x86_64-fedora-clang | 0.1.6 | 45.56 | NOTE | |||
r-devel-linux-x86_64-fedora-gcc | 0.1.6 | 42.45 | NOTE | |||
r-devel-macos-arm64 | 0.1.6 | 24.00 | OK | |||
r-devel-macos-x86_64 | 0.1.6 | 36.00 | NOTE | |||
r-devel-windows-x86_64 | 0.1.6 | 5.00 | 49.00 | 54.00 | NOTE | |
r-patched-linux-x86_64 | 0.1.6 | 3.28 | 23.92 | 27.20 | OK | |
r-release-linux-x86_64 | 0.1.6 | 2.75 | 23.86 | 26.61 | OK | |
r-release-macos-arm64 | 0.1.6 | 18.00 | OK | |||
r-release-macos-x86_64 | 0.1.6 | 26.00 | OK | |||
r-release-windows-x86_64 | 0.1.6 | 5.00 | 61.00 | 66.00 | OK | |
r-oldrel-macos-arm64 | 0.1.6 | 24.00 | OK | |||
r-oldrel-macos-x86_64 | 0.1.6 | 37.00 | OK | |||
r-oldrel-windows-x86_64 | 0.1.6 | 5.00 | 58.00 | 63.00 | OK |
Version: 0.1.6
Check: DESCRIPTION meta-information
Result: NOTE
Missing dependency on R >= 4.1.0 because package code uses the pipe
|> or function shorthand \(...) syntax added in R 4.1.0.
File(s) using such syntax:
‘suso_gql_helpers.R’ ‘suso_gql_uploadMap.R’
Flavors: r-devel-linux-x86_64-debian-clang, r-devel-linux-x86_64-debian-gcc, r-devel-linux-x86_64-fedora-clang, r-devel-linux-x86_64-fedora-gcc, r-devel-macos-x86_64, r-devel-windows-x86_64
Version: 0.1.6
Check: dependencies in R code
Result: NOTE
Namespaces in Imports field not imported from:
‘jsonlite’ ‘readr’ ‘stringr’
All declared Imports should be used.
Flavors: r-devel-linux-x86_64-fedora-clang, r-devel-linux-x86_64-fedora-gcc