Last updated on 2025-05-05 01:51:05 CEST.
Flavor | Version | Tinstall | Tcheck | Ttotal | Status | Flags |
---|---|---|---|---|---|---|
r-devel-linux-x86_64-debian-clang | 1.0.6 | 3.00 | 29.63 | 32.63 | NOTE | |
r-devel-linux-x86_64-debian-gcc | 1.0.6 | 2.38 | 23.02 | 25.40 | NOTE | |
r-devel-linux-x86_64-fedora-clang | 1.0.6 | 53.87 | OK | |||
r-devel-linux-x86_64-fedora-gcc | 1.0.6 | 69.82 | OK | |||
r-devel-windows-x86_64 | 1.0.6 | 5.00 | 58.00 | 63.00 | OK | |
r-patched-linux-x86_64 | 1.0.6 | 3.49 | 28.56 | 32.05 | OK | |
r-release-linux-x86_64 | 1.0.6 | 3.29 | 28.81 | 32.10 | OK | |
r-release-macos-arm64 | 1.0.6 | 29.00 | OK | |||
r-release-macos-x86_64 | 1.0.6 | 56.00 | OK | |||
r-release-windows-x86_64 | 1.0.6 | 5.00 | 59.00 | 64.00 | OK | |
r-oldrel-macos-arm64 | 1.0.6 | 34.00 | OK | |||
r-oldrel-macos-x86_64 | 1.0.6 | 43.00 | OK | |||
r-oldrel-windows-x86_64 | 1.0.6 | 5.00 | 63.00 | 68.00 | OK |
Version: 1.0.6
Check: CRAN incoming feasibility
Result: NOTE
Maintainer: ‘Philippe Grosjean <phgrosjean@sciviews.org>’
Package CITATION file contains call(s) to old-style personList() or
as.personList(). Please use c() on person objects instead.
Package CITATION file contains call(s) to old-style citEntry(). Please
use bibentry() instead.
Flavors: r-devel-linux-x86_64-debian-clang, r-devel-linux-x86_64-debian-gcc