Last updated on 2024-05-21 02:02:23 CEST.
Flavor | Version | Tinstall | Tcheck | Ttotal | Status | Flags |
---|---|---|---|---|---|---|
r-devel-linux-x86_64-debian-clang | 0.1-6 | 5.03 | 43.03 | 48.06 | NOTE | |
r-devel-linux-x86_64-debian-gcc | 0.1-6 | 3.66 | 32.16 | 35.82 | NOTE | |
r-devel-linux-x86_64-fedora-clang | 0.1-6 | 62.64 | NOTE | |||
r-devel-linux-x86_64-fedora-gcc | 0.1-6 | 71.23 | NOTE | |||
r-devel-windows-x86_64 | 0.1-6 | 5.00 | 55.00 | 60.00 | NOTE | |
r-patched-linux-x86_64 | 0.1-6 | 5.71 | 41.52 | 47.23 | NOTE | |
r-release-linux-x86_64 | 0.1-6 | 3.86 | 41.98 | 45.84 | NOTE | |
r-release-macos-arm64 | 0.1-6 | 27.00 | NOTE | |||
r-release-windows-x86_64 | 0.1-6 | 5.00 | 56.00 | 61.00 | NOTE | |
r-oldrel-macos-arm64 | 0.1-6 | 31.00 | NOTE | |||
r-oldrel-macos-x86_64 | 0.1-6 | 44.00 | NOTE | |||
r-oldrel-windows-x86_64 | 0.1-6 | 5.00 | 59.00 | 64.00 | NOTE |
Version: 0.1-6
Check: package dependencies
Result: NOTE
Packages suggested but not available for checking: 'sylly.de', 'sylly.es'
Flavors: r-devel-linux-x86_64-debian-clang, r-devel-linux-x86_64-debian-gcc, r-devel-linux-x86_64-fedora-clang, r-devel-linux-x86_64-fedora-gcc, r-devel-windows-x86_64, r-patched-linux-x86_64, r-release-linux-x86_64, r-release-macos-arm64, r-release-windows-x86_64, r-oldrel-macos-arm64, r-oldrel-macos-x86_64, r-oldrel-windows-x86_64
Version: 0.1-6
Check: Rd files
Result: NOTE
checkRd: (-1) kRp.hyphen-methods.Rd:84: Lost braces in \itemize; meant \describe ?
checkRd: (-1) kRp.hyphen-methods.Rd:85: Lost braces in \itemize; meant \describe ?
checkRd: (-1) kRp.hyphen-methods.Rd:86: Lost braces in \itemize; meant \describe ?
checkRd: (-1) kRp.hyphen-methods.Rd:87: Lost braces in \itemize; meant \describe ?
checkRd: (-1) manage.hyph.pat.Rd:53: Lost braces in \itemize; meant \describe ?
checkRd: (-1) manage.hyph.pat.Rd:54: Lost braces in \itemize; meant \describe ?
checkRd: (-1) manage.hyph.pat.Rd:55: Lost braces in \itemize; meant \describe ?
checkRd: (-1) manage.hyph.pat.Rd:56: Lost braces in \itemize; meant \describe ?
Flavors: r-devel-linux-x86_64-debian-clang, r-devel-linux-x86_64-debian-gcc, r-devel-linux-x86_64-fedora-clang, r-devel-linux-x86_64-fedora-gcc, r-devel-windows-x86_64, r-patched-linux-x86_64, r-release-linux-x86_64, r-release-macos-arm64, r-release-windows-x86_64