Last updated on 2025-05-01 01:49:49 CEST.
Flavor | Version | Tinstall | Tcheck | Ttotal | Status | Flags |
---|---|---|---|---|---|---|
r-devel-linux-x86_64-debian-clang | 0.7.0 | 21.51 | 296.14 | 317.65 | NOTE | |
r-devel-linux-x86_64-debian-gcc | 0.7.0 | 17.35 | 241.51 | 258.86 | OK | |
r-devel-linux-x86_64-fedora-clang | 0.7.0 | 444.24 | OK | |||
r-devel-linux-x86_64-fedora-gcc | 0.7.0 | 454.54 | OK | |||
r-devel-windows-x86_64 | 0.7.0 | 22.00 | 229.00 | 251.00 | OK | |
r-patched-linux-x86_64 | 0.7.0 | 21.83 | 275.99 | 297.82 | OK | |
r-release-linux-x86_64 | 0.7.0 | 21.39 | 280.69 | 302.08 | OK | |
r-release-macos-arm64 | 0.7.0 | 88.00 | OK | |||
r-release-macos-x86_64 | 0.7.0 | 149.00 | OK | |||
r-release-windows-x86_64 | 0.7.0 | 23.00 | 231.00 | 254.00 | OK | |
r-oldrel-macos-arm64 | 0.7.0 | 131.00 | OK | |||
r-oldrel-macos-x86_64 | 0.7.0 | 168.00 | OK | |||
r-oldrel-windows-x86_64 | 0.7.0 | 30.00 | 302.00 | 332.00 | OK |
Version: 0.7.0
Check: examples
Result: NOTE
Examples with CPU (user + system) or elapsed time > 5s
user system elapsed
tabnet 13.698 0.227 13.749
nn_prune_head 10.898 0.522 11.932
tabnet_config 5.866 0.117 6.461
tabnet_pretrain 5.179 0.093 5.616
Flavor: r-devel-linux-x86_64-debian-clang
Version: 0.7.0
Check: examples
Result: NA
user system elapsed
tabnet 12.461 0.118 10.302
nn_prune_head 7.976 0.483 8.055
OK
Flavor: r-devel-linux-x86_64-debian-gcc