Last updated on 2025-04-30 02:50:54 CEST.
Flavor | Version | Tinstall | Tcheck | Ttotal | Status | Flags |
---|---|---|---|---|---|---|
r-devel-linux-x86_64-debian-clang | 0.4.1 | 16.12 | 178.00 | 194.12 | NOTE | |
r-devel-linux-x86_64-debian-gcc | 0.4.1 | 9.92 | 129.40 | 139.32 | OK | |
r-devel-linux-x86_64-fedora-clang | 0.4.1 | 301.96 | OK | |||
r-devel-linux-x86_64-fedora-gcc | 0.4.1 | 302.21 | OK | |||
r-devel-windows-x86_64 | 0.4.1 | 19.00 | 183.00 | 202.00 | OK | |
r-patched-linux-x86_64 | 0.4.1 | 16.95 | 167.24 | 184.19 | OK | |
r-release-linux-x86_64 | 0.4.1 | 15.08 | 166.43 | 181.51 | OK | |
r-release-macos-arm64 | 0.4.1 | 94.00 | OK | |||
r-release-macos-x86_64 | 0.4.1 | 173.00 | OK | |||
r-release-windows-x86_64 | 0.4.1 | 20.00 | 183.00 | 203.00 | OK | |
r-oldrel-macos-arm64 | 0.4.1 | 103.00 | OK | |||
r-oldrel-macos-x86_64 | 0.4.1 | 179.00 | OK | |||
r-oldrel-windows-x86_64 | 0.4.1 | 23.00 | 235.00 | 258.00 | OK |
Version: 0.4.1
Check: examples
Result: NOTE
Examples with CPU (user + system) or elapsed time > 5s
user system elapsed
add_facet_labels 3.857 0.087 5.325
Flavor: r-devel-linux-x86_64-debian-clang