Last updated on 2024-05-21 02:02:24 CEST.
Flavor | Version | Tinstall | Tcheck | Ttotal | Status | Flags |
---|---|---|---|---|---|---|
r-devel-linux-x86_64-debian-clang | 0.5.1 | 20.24 | 185.51 | 205.75 | OK | |
r-devel-linux-x86_64-debian-gcc | 0.5.1 | 18.15 | 132.96 | 151.11 | OK | |
r-devel-linux-x86_64-fedora-clang | 0.5.1 | 255.09 | NOTE | |||
r-devel-linux-x86_64-fedora-gcc | 0.5.1 | 251.21 | OK | |||
r-devel-windows-x86_64 | 0.5.1 | 21.00 | 175.00 | 196.00 | OK | |
r-patched-linux-x86_64 | 0.5.1 | 16.27 | 174.87 | 191.14 | OK | |
r-release-linux-x86_64 | 0.5.1 | 15.31 | 171.21 | 186.52 | OK | |
r-release-macos-arm64 | 0.5.1 | 82.00 | OK | |||
r-release-macos-x86_64 | 0.5.1 | 222.00 | OK | |||
r-release-windows-x86_64 | 0.5.1 | 22.00 | 177.00 | 199.00 | OK | |
r-oldrel-macos-arm64 | 0.5.1 | 84.00 | OK | |||
r-oldrel-macos-x86_64 | 0.5.1 | 181.00 | OK | |||
r-oldrel-windows-x86_64 | 0.5.1 | 26.00 | 211.00 | 237.00 | OK |
Version: 0.5.1
Check: Rd cross-references
Result: NOTE
Undeclared package ‘teal’ in Rd xrefs
Flavor: r-devel-linux-x86_64-fedora-clang