Last updated on 2025-05-01 01:49:49 CEST.
Flavor | Version | Tinstall | Tcheck | Ttotal | Status | Flags |
---|---|---|---|---|---|---|
r-devel-linux-x86_64-debian-clang | 0.9.8 | 30.66 | 567.52 | 598.18 | NOTE | |
r-devel-linux-x86_64-debian-gcc | 0.9.8 | 19.48 | 361.56 | 381.04 | OK | |
r-devel-linux-x86_64-fedora-clang | 0.9.8 | 976.08 | OK | |||
r-devel-linux-x86_64-fedora-gcc | 0.9.8 | 887.83 | OK | |||
r-devel-windows-x86_64 | 0.9.8 | 32.00 | 530.00 | 562.00 | OK | |
r-patched-linux-x86_64 | 0.9.8 | 33.19 | 536.60 | 569.79 | OK | |
r-release-linux-x86_64 | 0.9.8 | 28.39 | 535.79 | 564.18 | OK | |
r-release-macos-arm64 | 0.9.8 | 142.00 | OK | |||
r-release-macos-x86_64 | 0.9.8 | 291.00 | OK | |||
r-release-windows-x86_64 | 0.9.8 | 31.00 | 529.00 | 560.00 | OK | |
r-oldrel-macos-arm64 | 0.9.8 | 174.00 | NOTE | |||
r-oldrel-macos-x86_64 | 0.9.8 | 333.00 | NOTE | |||
r-oldrel-windows-x86_64 | 0.9.8 | 42.00 | 724.00 | 766.00 | NOTE |
Version: 0.9.8
Check: examples
Result: NOTE
Examples with CPU (user + system) or elapsed time > 5s
user system elapsed
g_forest 9.316 0.065 12.533
g_km 7.495 0.013 10.272
g_lineplot 6.087 0.024 8.492
analyze_vars_in_cols 5.698 0.089 8.316
response_subgroups 4.531 0.011 6.030
analyze_variables 3.477 0.066 5.956
Flavor: r-devel-linux-x86_64-debian-clang
Version: 0.9.8
Check: examples
Result: NA
user system elapsed
g_forest 5.611 0.054 7.388
g_km 4.679 0.074 5.222
OK
Flavor: r-devel-linux-x86_64-debian-gcc
Version: 0.9.8
Check: installed package size
Result: NOTE
installed size is 9.2Mb
sub-directories of 1Mb or more:
doc 5.3Mb
help 2.7Mb
Flavors: r-oldrel-macos-arm64, r-oldrel-macos-x86_64, r-oldrel-windows-x86_64