CRAN Package Check Results for Package testdat

Last updated on 2025-05-09 01:50:21 CEST.

Flavor Version Tinstall Tcheck Ttotal Status Flags
r-devel-linux-x86_64-debian-clang 0.4.2 5.86 66.40 72.26 NOTE
r-devel-linux-x86_64-debian-gcc 0.4.2 3.54 46.85 50.39 NOTE
r-devel-linux-x86_64-fedora-clang 0.4.2 110.64 OK
r-devel-linux-x86_64-fedora-gcc 0.4.2 121.07 OK
r-devel-windows-x86_64 0.4.2 7.00 84.00 91.00 NOTE
r-patched-linux-x86_64 0.4.2 5.46 58.85 64.31 NOTE
r-release-linux-x86_64 0.4.2 5.11 59.35 64.46 NOTE
r-release-macos-arm64 0.4.2 74.00 OK
r-release-macos-x86_64 0.4.2 70.00 OK
r-release-windows-x86_64 0.4.2 8.00 81.00 89.00 NOTE
r-oldrel-macos-arm64 0.4.2 41.00 OK
r-oldrel-macos-x86_64 0.4.2 58.00 OK
r-oldrel-windows-x86_64 0.4.2 8.00 98.00 106.00 OK

Check Details

Version: 0.4.2
Check: Rd cross-references
Result: NOTE Found the following Rd file(s) with Rd \link{} targets missing package anchors: chk-defunct.Rd: dplyr_tidy_select expect-defunct.Rd: dplyr_tidy_select output_results_excel.Rd: test_dir, test_file Please provide package anchors for all Rd \link{} targets not in the package itself and the base packages. Flavors: r-devel-linux-x86_64-debian-clang, r-devel-linux-x86_64-debian-gcc, r-devel-windows-x86_64, r-patched-linux-x86_64, r-release-linux-x86_64, r-release-windows-x86_64