Last updated on 2025-10-25 01:51:19 CEST.
| Flavor | Version | Tinstall | Tcheck | Ttotal | Status | Flags |
|---|---|---|---|---|---|---|
| r-devel-linux-x86_64-debian-clang | 1.39.4 | 17.17 | 144.00 | 161.17 | NOTE | |
| r-devel-linux-x86_64-debian-gcc | 1.39.4 | 9.72 | 97.06 | 106.78 | NOTE | |
| r-devel-linux-x86_64-fedora-clang | 1.39.4 | 85.00 | 172.62 | 257.62 | NOTE | |
| r-devel-linux-x86_64-fedora-gcc | 1.39.4 | 74.00 | 207.13 | 281.13 | NOTE | |
| r-devel-windows-x86_64 | 1.39.4 | 17.00 | 173.00 | 190.00 | OK | |
| r-patched-linux-x86_64 | 1.39.4 | 18.71 | 135.98 | 154.69 | NOTE | |
| r-release-linux-x86_64 | 1.39.4 | 16.61 | 138.23 | 154.84 | NOTE | |
| r-release-macos-arm64 | 1.39.4 | 7.00 | 90.00 | 97.00 | OK | |
| r-release-macos-x86_64 | 1.39.4 | 16.00 | 182.00 | 198.00 | OK | |
| r-release-windows-x86_64 | 1.39.4 | 17.00 | 181.00 | 198.00 | OK | |
| r-oldrel-macos-arm64 | 1.39.4 | 6.00 | 68.00 | 74.00 | OK | |
| r-oldrel-macos-x86_64 | 1.39.4 | 19.00 | 192.00 | 211.00 | OK | |
| r-oldrel-windows-x86_64 | 1.39.4 | 23.00 | 205.00 | 228.00 | OK |
Version: 1.39.4
Check: Rd cross-references
Result: NOTE
Unknown packages ‘bife’, ‘alpaca’, ‘oglmx’ in Rd xrefs
Flavors: r-devel-linux-x86_64-debian-clang, r-devel-linux-x86_64-debian-gcc, r-devel-linux-x86_64-fedora-clang, r-devel-linux-x86_64-fedora-gcc, r-patched-linux-x86_64, r-release-linux-x86_64