CRAN Package Check Results for Package tfruns

Last updated on 2025-02-17 01:50:41 CET.

Flavor Version Tinstall Tcheck Ttotal Status Flags
r-devel-linux-x86_64-debian-clang 1.5.3 3.67 39.12 42.79 NOTE
r-devel-linux-x86_64-debian-gcc 1.5.3 2.50 30.04 32.54 NOTE
r-devel-linux-x86_64-fedora-clang 1.5.3 70.78 OK
r-devel-linux-x86_64-fedora-gcc 1.5.3 80.69 OK
r-devel-macos-arm64 1.5.3 59.00 OK
r-devel-macos-x86_64 1.5.3 91.00 OK
r-devel-windows-x86_64 1.5.3 5.00 95.00 100.00 NOTE
r-patched-linux-x86_64 1.5.3 5.54 37.49 43.03 OK
r-release-linux-x86_64 1.5.3 2.43 37.88 40.31 OK
r-release-macos-arm64 1.5.3 66.00 OK
r-release-macos-x86_64 1.5.3 64.00 OK
r-release-windows-x86_64 1.5.3 5.00 94.00 99.00 OK
r-oldrel-macos-arm64 1.5.3 62.00 OK
r-oldrel-macos-x86_64 1.5.3 85.00 OK
r-oldrel-windows-x86_64 1.5.3 6.00 103.00 109.00 OK

Check Details

Version: 1.5.3
Check: Rd cross-references
Result: NOTE Found the following Rd file(s) with Rd \link{} targets missing package anchors: flags.Rd: yaml.load Please provide package anchors for all Rd \link{} targets not in the package itself and the base packages. Flavors: r-devel-linux-x86_64-debian-clang, r-devel-linux-x86_64-debian-gcc, r-devel-windows-x86_64