Last updated on 2025-02-20 01:50:49 CET.
Flavor | Version | Tinstall | Tcheck | Ttotal | Status | Flags |
---|---|---|---|---|---|---|
r-devel-linux-x86_64-debian-clang | 1.1.7 | 15.32 | 78.51 | 93.83 | NOTE | |
r-devel-linux-x86_64-debian-gcc | 1.1.7 | 8.06 | 50.38 | 58.44 | NOTE | |
r-devel-linux-x86_64-fedora-clang | 1.1.7 | 160.89 | OK | |||
r-devel-linux-x86_64-fedora-gcc | 1.1.7 | 151.60 | OK | |||
r-devel-macos-arm64 | 1.1.7 | 50.00 | OK | |||
r-devel-macos-x86_64 | 1.1.7 | 112.00 | OK | |||
r-devel-windows-x86_64 | 1.1.7 | 15.00 | 101.00 | 116.00 | NOTE | |
r-patched-linux-x86_64 | 1.1.7 | 14.67 | 75.15 | 89.82 | OK | |
r-release-linux-x86_64 | 1.1.7 | 14.60 | 75.00 | 89.60 | OK | |
r-release-macos-arm64 | 1.1.7 | 48.00 | OK | |||
r-release-macos-x86_64 | 1.1.7 | 73.00 | OK | |||
r-release-windows-x86_64 | 1.1.7 | 14.00 | 96.00 | 110.00 | OK | |
r-oldrel-macos-arm64 | 1.1.7 | 47.00 | OK | |||
r-oldrel-macos-x86_64 | 1.1.7 | 81.00 | OK | |||
r-oldrel-windows-x86_64 | 1.1.7 | 20.00 | 123.00 | 143.00 | OK |
Version: 1.1.7
Check: Rd cross-references
Result: NOTE
Found the following Rd file(s) with Rd \link{} targets missing package
anchors:
TBinaryProtocol.Rd: R6Class
TBinaryProtocolFactory.Rd: R6Class
TBufferedTransport.Rd: R6Class
TBufferedTransportFactory.Rd: R6Class
TClient.Rd: R6Class
TMemoryBuffer.Rd: R6Class
TPayload.Rd: R6Class
TServerSocket.Rd: R6Class
TSocket.Rd: R6Class
Please provide package anchors for all Rd \link{} targets not in the
package itself and the base packages.
Flavors: r-devel-linux-x86_64-debian-clang, r-devel-linux-x86_64-debian-gcc, r-devel-windows-x86_64