Last updated on 2025-02-06 01:49:26 CET.
Flavor | Version | Tinstall | Tcheck | Ttotal | Status | Flags |
---|---|---|---|---|---|---|
r-devel-linux-x86_64-debian-clang | 0.2.7 | 49.22 | 613.79 | 663.01 | NOTE | |
r-devel-linux-x86_64-debian-gcc | 0.2.7 | 33.92 | 391.99 | 425.91 | NOTE | |
r-devel-linux-x86_64-fedora-clang | 0.2.7 | 938.95 | OK | |||
r-devel-linux-x86_64-fedora-gcc | 0.2.7 | 891.76 | OK | |||
r-devel-windows-x86_64 | 0.2.7 | 45.00 | 472.00 | 517.00 | NOTE | |
r-patched-linux-x86_64 | 0.2.7 | 58.30 | 520.55 | 578.85 | OK | |
r-release-linux-x86_64 | 0.2.7 | 52.84 | 519.91 | 572.75 | OK | |
r-release-macos-arm64 | 0.2.7 | 262.00 | OK | |||
r-release-macos-x86_64 | 0.2.7 | 481.00 | OK | |||
r-release-windows-x86_64 | 0.2.7 | 46.00 | 466.00 | 512.00 | OK | |
r-oldrel-macos-arm64 | 0.2.7 | 279.00 | OK | |||
r-oldrel-macos-x86_64 | 0.2.7 | 533.00 | OK | |||
r-oldrel-windows-x86_64 | 0.2.7 | 54.00 | 595.00 | 649.00 | OK |
Version: 0.2.7
Check: Rd cross-references
Result: NOTE
Found the following Rd file(s) with Rd \link{} targets missing package
anchors:
add_paths.Rd: lavaan
mixture_starts.Rd: mxData
Please provide package anchors for all Rd \link{} targets not in the
package itself and the base packages.
Flavors: r-devel-linux-x86_64-debian-clang, r-devel-linux-x86_64-debian-gcc, r-devel-windows-x86_64